{"id":1974,"date":"2022-04-06T17:02:36","date_gmt":"2022-04-06T17:02:36","guid":{"rendered":"http:\/\/novo.aeabadebacal.pt:8083\/?page_id=1974"},"modified":"2023-10-24T09:32:15","modified_gmt":"2023-10-24T09:32:15","slug":"professores","status":"publish","type":"page","link":"https:\/\/www.aeabadebacal.pt\/index.php\/professores\/","title":{"rendered":"Professores"},"content":{"rendered":"\t\t<div data-elementor-type=\"wp-page\" data-elementor-id=\"1974\" class=\"elementor elementor-1974\" data-elementor-settings=\"{&quot;ha_cmc_init_switcher&quot;:&quot;no&quot;}\">\n\t\t\t\t\t\t<section class=\"elementor-section elementor-top-section elementor-element elementor-element-7ab1df3 elementor-section-boxed elementor-section-height-default elementor-section-height-default\" data-id=\"7ab1df3\" data-element_type=\"section\" data-settings=\"{&quot;_ha_eqh_enable&quot;:false}\">\n\t\t\t\t\t\t<div class=\"elementor-container elementor-column-gap-default\">\n\t\t\t\t\t<div class=\"elementor-column elementor-col-100 elementor-top-column elementor-element elementor-element-f49eb09\" data-id=\"f49eb09\" data-element_type=\"column\">\n\t\t\t<div class=\"elementor-widget-wrap elementor-element-populated\">\n\t\t\t\t\t\t<div class=\"elementor-element elementor-element-928b9ba elementor-widget elementor-widget-image\" data-id=\"928b9ba\" data-element_type=\"widget\" data-widget_type=\"image.default\">\n\t\t\t\t<div class=\"elementor-widget-container\">\n\t\t\t\t\t\t\t\t\t\t\t\t\t\t\t<img decoding=\"async\" src=\"https:\/\/www.aeabadebacal.pt\/wp-content\/uploads\/2022\/04\/Faixa-professores.png\" title=\"Faixa professores\" alt=\"Faixa professores\" loading=\"lazy\" \/>\t\t\t\t\t\t\t\t\t\t\t\t\t\t\t<\/div>\n\t\t\t\t<\/div>\n\t\t\t\t\t<\/div>\n\t\t<\/div>\n\t\t\t\t\t<\/div>\n\t\t<\/section>\n\t\t\t\t<section class=\"elementor-section elementor-top-section elementor-element elementor-element-29075b7 elementor-section-boxed elementor-section-height-default elementor-section-height-default\" data-id=\"29075b7\" data-element_type=\"section\" data-settings=\"{&quot;_ha_eqh_enable&quot;:false}\">\n\t\t\t\t\t\t<div class=\"elementor-container elementor-column-gap-default\">\n\t\t\t\t\t<div class=\"elementor-column elementor-col-100 elementor-top-column elementor-element elementor-element-f77c288\" data-id=\"f77c288\" data-element_type=\"column\">\n\t\t\t<div class=\"elementor-widget-wrap\">\n\t\t\t\t\t\t\t<\/div>\n\t\t<\/div>\n\t\t\t\t\t<\/div>\n\t\t<\/section>\n\t\t\t\t<section class=\"elementor-section elementor-top-section elementor-element elementor-element-0aeffe8 elementor-section-boxed elementor-section-height-default elementor-section-height-default\" data-id=\"0aeffe8\" data-element_type=\"section\" data-settings=\"{&quot;_ha_eqh_enable&quot;:false}\">\n\t\t\t\t\t\t<div class=\"elementor-container elementor-column-gap-default\">\n\t\t\t\t\t<div class=\"elementor-column elementor-col-100 elementor-top-column elementor-element elementor-element-2a4cb65\" data-id=\"2a4cb65\" data-element_type=\"column\">\n\t\t\t<div class=\"elementor-widget-wrap elementor-element-populated\">\n\t\t\t\t\t\t<div class=\"elementor-element elementor-element-11514da elementor-widget elementor-widget-text-editor\" data-id=\"11514da\" data-element_type=\"widget\" data-widget_type=\"text-editor.default\">\n\t\t\t\t<div class=\"elementor-widget-container\">\n\t\t\t\t\t\t\t\t\t<h6><strong><span class=\"fontstyle0\">ANO LETIVO DE 2023\/2024\u00a0<\/span><\/strong><\/h6><h6><strong><span class=\"fontstyle0\">Avalia\u00e7\u00e3o de Desempenho Docente<\/span><\/strong><\/h6><h5><strong>\u2014 \u2013<\/strong><\/h5><h6>\u203a\u00a0<a href=\"https:\/\/drive.google.com\/file\/d\/1Ypo_sxAe6DiajO9lZBOBlzFfdihuKB66\/view?usp=sharing\" target=\"_blank\" rel=\"noopener\">Calendariza\u00e7\u00e3o do processo de Avalia\u00e7\u00e3o do Desempenho Docente<\/a>\u00a0\u2192\u00a0<img decoding=\"async\" src=\"http:\/\/escolas.uevora.pt\/mesaofrioedu\/pluginfile.php\/46\/mod_forum\/post\/1935\/new2_e3.gif\" \/><\/h6><h5><strong>\u2014 \u2013<\/strong><\/h5><h6><strong><span class=\"fontstyle0\">ANO LETIVO DE 2022\/2023<\/span><\/strong><\/h6><h6><span style=\"font-weight: bold; color: #76767f; font-family: Roboto, sans-serif; font-size: 16px;\"><a style=\"outline: 0px;\" href=\"https:\/\/docs.google.com\/document\/d\/1jkI8tDZC8Ug2l7AxiunsezxCVFJIO1HA\/edit?usp=share_link&amp;ouid=109531944947039311168&amp;rtpof=true&amp;sd=true\" target=\"_blank\" rel=\"noopener\">\u203a <\/a><a href=\"https:\/\/docs.google.com\/document\/d\/1DTkE0_9wv4zvSigdn9zRCZxp5RUcZtUR\/edit?usp=sharing&amp;ouid=109531944947039311168&amp;rtpof=true&amp;sd=true\" target=\"_blank\" rel=\"noopener\">Relat\u00f3rio Auto-avalia\u00e7\u00e3o Docentes \u2192<\/a><\/span><strong><span class=\"fontstyle0\"><br \/><\/span><\/strong><\/h6><h5><strong>\u2014 \u2013<\/strong><\/h5><h6>\u203a <a href=\"https:\/\/drive.google.com\/file\/d\/1cCwsi8uOS7qaSUMSewhXN6rvkV1d93tv\/view?usp=share_link\" target=\"_blank\" rel=\"noopener\">Regulamento\u00a0 da Avalia\u00e7\u00e3o de Desempenho Docente do AEAB \u2192<\/a><\/h6><h5><strong>\u2014 \u2013<\/strong><\/h5><h6><span class=\"fontstyle0\">\u203a <a href=\"https:\/\/drive.google.com\/file\/d\/1G_lyqiyBzcN199CukML1kULX2aSO2dLf\/view?usp=share_link\" target=\"_blank\" rel=\"noopener\">Calendariza\u00e7\u00e3o do processo de Avalia\u00e7\u00e3o do Desempenho Docente \u2013 Integrados na Carreira (QA \/ QZP e Contratados) \u2192<\/a><\/span><\/h6><h5><strong>\u2014 \u2013<\/strong><\/h5><h6>\u203a <a href=\"https:\/\/docs.google.com\/document\/d\/1E21aYdX7ZWL5xjBwlUu0y7gaUmqzQCq_\/edit?usp=share_link&amp;ouid=109531944947039311168&amp;rtpof=true&amp;sd=true\" target=\"_blank\" rel=\"noopener\">Ficha de registo e avalia\u00e7\u00e3o final -Docentes QA &#8211; D<span style=\"font-weight: 400;\">ocentes do quadro e docentes contratados com a\u00e7\u00f5es de forma\u00e7\u00e3o<\/span>(Word) \u2192<\/a><\/h6><h5><strong>\u2014 \u2013<\/strong><\/h5><h6>\u203a <a href=\"https:\/\/docs.google.com\/document\/d\/1jlGZDidTkEW1zI_hSj3NamnFUIQcHPPE\/edit?usp=share_link&amp;ouid=109531944947039311168&amp;rtpof=true&amp;sd=true\" target=\"_blank\" rel=\"noopener\">Ficha de registo e avalia\u00e7\u00e3o final -Docentes QA &#8211; Regime Especial (Word) \u2192<\/a><\/h6><h5><strong>\u2014 \u2013<\/strong><\/h5><h6>\u203a <a href=\"https:\/\/docs.google.com\/document\/d\/1oRJZa7TsxbNPb5GjZVIaQdCpumxq3zT3\/edit?usp=sharing&amp;ouid=109531944947039311168&amp;rtpof=true&amp;sd=true\" target=\"_blank\" rel=\"noopener\">Ficha de registo e avalia\u00e7\u00e3o final -Docentes contratados sem a\u00e7\u00f5es de forma\u00e7\u00e3o (Word) \u2192<\/a><\/h6>\t\t\t\t\t\t\t\t<\/div>\n\t\t\t\t<\/div>\n\t\t\t\t\t<\/div>\n\t\t<\/div>\n\t\t\t\t\t<\/div>\n\t\t<\/section>\n\t\t\t\t<section class=\"elementor-section elementor-top-section elementor-element elementor-element-26b12eb elementor-section-boxed elementor-section-height-default elementor-section-height-default\" data-id=\"26b12eb\" data-element_type=\"section\" data-settings=\"{&quot;_ha_eqh_enable&quot;:false}\">\n\t\t\t\t\t\t<div class=\"elementor-container elementor-column-gap-default\">\n\t\t\t\t\t<div class=\"elementor-column elementor-col-100 elementor-top-column elementor-element elementor-element-a35b529\" data-id=\"a35b529\" data-element_type=\"column\">\n\t\t\t<div class=\"elementor-widget-wrap elementor-element-populated\">\n\t\t\t\t\t\t<div class=\"elementor-element elementor-element-7b6b809 elementor-widget elementor-widget-heading\" data-id=\"7b6b809\" data-element_type=\"widget\" data-widget_type=\"heading.default\">\n\t\t\t\t<div class=\"elementor-widget-container\">\n\t\t\t\t\t<h4 class=\"elementor-heading-title elementor-size-default\">Ano Letivo de 2021\/2022<\/h4>\t\t\t\t<\/div>\n\t\t\t\t<\/div>\n\t\t\t\t\t<\/div>\n\t\t<\/div>\n\t\t\t\t\t<\/div>\n\t\t<\/section>\n\t\t\t\t<section class=\"elementor-section elementor-top-section elementor-element elementor-element-d105d07 elementor-section-boxed elementor-section-height-default elementor-section-height-default\" data-id=\"d105d07\" data-element_type=\"section\" data-settings=\"{&quot;_ha_eqh_enable&quot;:false}\">\n\t\t\t\t\t\t<div class=\"elementor-container elementor-column-gap-default\">\n\t\t\t\t\t<div class=\"elementor-column elementor-col-100 elementor-top-column elementor-element elementor-element-c01828d\" data-id=\"c01828d\" data-element_type=\"column\">\n\t\t\t<div class=\"elementor-widget-wrap elementor-element-populated\">\n\t\t\t\t\t\t<div class=\"elementor-element elementor-element-929ce67 elementor-widget elementor-widget-text-editor\" data-id=\"929ce67\" data-element_type=\"widget\" data-widget_type=\"text-editor.default\">\n\t\t\t\t<div class=\"elementor-widget-container\">\n\t\t\t\t\t\t\t\t\t<p><strong><a href=\"https:\/\/drive.google.com\/file\/d\/1qniX0ZcH5n4eFKx_UxHHiB9WDLOiDDgX\/view?usp=sharing\" target=\"_blank\" rel=\"noopener\">Calendariza\u00e7\u00e3o do Processo de Avalia\u00e7\u00e3o de Desempenho Docente &#8211; 2021\/2022<\/a><\/strong><\/p>\t\t\t\t\t\t\t\t<\/div>\n\t\t\t\t<\/div>\n\t\t\t\t\t<\/div>\n\t\t<\/div>\n\t\t\t\t\t<\/div>\n\t\t<\/section>\n\t\t\t\t<section class=\"elementor-section elementor-top-section elementor-element elementor-element-2d9fbf8 elementor-section-boxed elementor-section-height-default elementor-section-height-default\" data-id=\"2d9fbf8\" data-element_type=\"section\" data-settings=\"{&quot;_ha_eqh_enable&quot;:false}\">\n\t\t\t\t\t\t<div class=\"elementor-container elementor-column-gap-default\">\n\t\t\t\t\t<div class=\"elementor-column elementor-col-100 elementor-top-column elementor-element elementor-element-5b89240\" data-id=\"5b89240\" data-element_type=\"column\">\n\t\t\t<div class=\"elementor-widget-wrap elementor-element-populated\">\n\t\t\t\t\t\t<div class=\"elementor-element elementor-element-78e231f elementor-widget elementor-widget-heading\" data-id=\"78e231f\" data-element_type=\"widget\" data-widget_type=\"heading.default\">\n\t\t\t\t<div class=\"elementor-widget-container\">\n\t\t\t\t\t<h4 class=\"elementor-heading-title elementor-size-default\">Ano Letivo de 2020\/2021<\/h4>\t\t\t\t<\/div>\n\t\t\t\t<\/div>\n\t\t\t\t\t<\/div>\n\t\t<\/div>\n\t\t\t\t\t<\/div>\n\t\t<\/section>\n\t\t\t\t<section class=\"elementor-section elementor-top-section elementor-element elementor-element-65ef69c elementor-section-boxed elementor-section-height-default elementor-section-height-default\" data-id=\"65ef69c\" data-element_type=\"section\" data-settings=\"{&quot;_ha_eqh_enable&quot;:false}\">\n\t\t\t\t\t\t<div class=\"elementor-container elementor-column-gap-default\">\n\t\t\t\t\t<div class=\"elementor-column elementor-col-100 elementor-top-column elementor-element elementor-element-9296611\" data-id=\"9296611\" data-element_type=\"column\">\n\t\t\t<div class=\"elementor-widget-wrap elementor-element-populated\">\n\t\t\t\t\t\t<div class=\"elementor-element elementor-element-9f8bd07 elementor-widget elementor-widget-text-editor\" data-id=\"9f8bd07\" data-element_type=\"widget\" data-widget_type=\"text-editor.default\">\n\t\t\t\t<div class=\"elementor-widget-container\">\n\t\t\t\t\t\t\t\t\t<p><a href=\"https:\/\/drive.google.com\/file\/d\/1ChH9D5ZLQnIEtZHV4LEm0KJk_Tz30md9\/view?usp=sharing\" target=\"_blank\" rel=\"noopener\"><strong>Calendariza\u00e7\u00e3o do Processo de Avalia\u00e7\u00e3o de Desenpenho Docente &#8211; 2010\/2020<\/strong><\/a><\/p>\t\t\t\t\t\t\t\t<\/div>\n\t\t\t\t<\/div>\n\t\t\t\t\t<\/div>\n\t\t<\/div>\n\t\t\t\t\t<\/div>\n\t\t<\/section>\n\t\t\t\t<\/div>\n\t\t","protected":false},"excerpt":{"rendered":"<p>ANO LETIVO DE 2023\/2024\u00a0 Avalia\u00e7\u00e3o de Desempenho Docente \u2014 \u2013 \u203a\u00a0Calendariza\u00e7\u00e3o do processo de Avalia\u00e7\u00e3o do Desempenho Docente\u00a0\u2192\u00a0 \u2014 \u2013 ANO LETIVO DE 2022\/2023 \u203a Relat\u00f3rio Auto-avalia\u00e7\u00e3o Docentes \u2192 \u2014 \u2013 \u203a Regulamento\u00a0 da Avalia\u00e7\u00e3o de Desempenho Docente do AEAB \u2192 \u2014 \u2013 \u203a Calendariza\u00e7\u00e3o do processo de Avalia\u00e7\u00e3o do Desempenho Docente \u2013 Integrados na [&hellip;]<\/p>\n","protected":false},"author":3,"featured_media":0,"parent":0,"menu_order":0,"comment_status":"closed","ping_status":"closed","template":"elementor_canvas","meta":{"_eb_attr":"","site-sidebar-layout":"no-sidebar","site-content-layout":"page-builder","ast-site-content-layout":"default","site-content-style":"default","site-sidebar-style":"default","ast-global-header-display":"","ast-banner-title-visibility":"","ast-main-header-display":"","ast-hfb-above-header-display":"","ast-hfb-below-header-display":"","ast-hfb-mobile-header-display":"","site-post-title":"disabled","ast-breadcrumbs-content":"","ast-featured-img":"disabled","footer-sml-layout":"","theme-transparent-header-meta":"","adv-header-id-meta":"","stick-header-meta":"","header-above-stick-meta":"","header-main-stick-meta":"","header-below-stick-meta":"","astra-migrate-meta-layouts":"default","ast-page-background-enabled":"default","ast-page-background-meta":{"desktop":{"background-color":"","background-image":"","background-repeat":"repeat","background-position":"center center","background-size":"auto","background-attachment":"scroll","background-type":"","background-media":"","overlay-type":"","overlay-color":"","overlay-opacity":"","overlay-gradient":""},"tablet":{"background-color":"","background-image":"","background-repeat":"repeat","background-position":"center center","background-size":"auto","background-attachment":"scroll","background-type":"","background-media":"","overlay-type":"","overlay-color":"","overlay-opacity":"","overlay-gradient":""},"mobile":{"background-color":"","background-image":"","background-repeat":"repeat","background-position":"center center","background-size":"auto","background-attachment":"scroll","background-type":"","background-media":"","overlay-type":"","overlay-color":"","overlay-opacity":"","overlay-gradient":""}},"ast-content-background-meta":{"desktop":{"background-color":"var(--ast-global-color-5)","background-image":"","background-repeat":"repeat","background-position":"center center","background-size":"auto","background-attachment":"scroll","background-type":"","background-media":"","overlay-type":"","overlay-color":"","overlay-opacity":"","overlay-gradient":""},"tablet":{"background-color":"var(--ast-global-color-5)","background-image":"","background-repeat":"repeat","background-position":"center center","background-size":"auto","background-attachment":"scroll","background-type":"","background-media":"","overlay-type":"","overlay-color":"","overlay-opacity":"","overlay-gradient":""},"mobile":{"background-color":"var(--ast-global-color-5)","background-image":"","background-repeat":"repeat","background-position":"center center","background-size":"auto","background-attachment":"scroll","background-type":"","background-media":"","overlay-type":"","overlay-color":"","overlay-opacity":"","overlay-gradient":""}},"footnotes":""},"class_list":["post-1974","page","type-page","status-publish","hentry"],"_links":{"self":[{"href":"https:\/\/www.aeabadebacal.pt\/index.php\/wp-json\/wp\/v2\/pages\/1974","targetHints":{"allow":["GET"]}}],"collection":[{"href":"https:\/\/www.aeabadebacal.pt\/index.php\/wp-json\/wp\/v2\/pages"}],"about":[{"href":"https:\/\/www.aeabadebacal.pt\/index.php\/wp-json\/wp\/v2\/types\/page"}],"author":[{"embeddable":true,"href":"https:\/\/www.aeabadebacal.pt\/index.php\/wp-json\/wp\/v2\/users\/3"}],"replies":[{"embeddable":true,"href":"https:\/\/www.aeabadebacal.pt\/index.php\/wp-json\/wp\/v2\/comments?post=1974"}],"version-history":[{"count":0,"href":"https:\/\/www.aeabadebacal.pt\/index.php\/wp-json\/wp\/v2\/pages\/1974\/revisions"}],"wp:attachment":[{"href":"https:\/\/www.aeabadebacal.pt\/index.php\/wp-json\/wp\/v2\/media?parent=1974"}],"curies":[{"name":"wp","href":"https:\/\/api.w.org\/{rel}","templated":true}]}}