{"id":7119,"date":"2024-04-30T19:42:57","date_gmt":"2024-04-30T19:42:57","guid":{"rendered":"http:\/\/www.aeabadebacal.pt\/?page_id=7119"},"modified":"2024-04-30T20:10:46","modified_gmt":"2024-04-30T20:10:46","slug":"padde-do-aeab","status":"publish","type":"page","link":"https:\/\/www.aeabadebacal.pt\/index.php\/padde-do-aeab\/","title":{"rendered":"PADDE do AEAB"},"content":{"rendered":"\t\t<div data-elementor-type=\"wp-page\" data-elementor-id=\"7119\" class=\"elementor elementor-7119\" data-elementor-settings=\"{&quot;ha_cmc_init_switcher&quot;:&quot;no&quot;}\">\n\t\t\t\t\t\t<section class=\"elementor-section elementor-top-section elementor-element elementor-element-8367945 elementor-section-boxed elementor-section-height-default elementor-section-height-default\" data-id=\"8367945\" data-element_type=\"section\" data-settings=\"{&quot;_ha_eqh_enable&quot;:false}\">\n\t\t\t\t\t\t<div class=\"elementor-container elementor-column-gap-default\">\n\t\t\t\t\t<div class=\"elementor-column elementor-col-100 elementor-top-column elementor-element elementor-element-f23a800\" data-id=\"f23a800\" data-element_type=\"column\">\n\t\t\t<div class=\"elementor-widget-wrap elementor-element-populated\">\n\t\t\t\t\t\t<div class=\"elementor-element elementor-element-7f7f191 elementor-widget elementor-widget-image\" data-id=\"7f7f191\" data-element_type=\"widget\" data-widget_type=\"image.default\">\n\t\t\t\t<div class=\"elementor-widget-container\">\n\t\t\t\t\t\t\t\t\t\t\t\t\t\t\t<img decoding=\"async\" src=\"https:\/\/www.aeabadebacal.pt\/wp-content\/uploads\/2024\/04\/banner-paddeaeab.png\" title=\"banner paddeaeab\" alt=\"banner paddeaeab\" loading=\"lazy\" \/>\t\t\t\t\t\t\t\t\t\t\t\t\t\t\t<\/div>\n\t\t\t\t<\/div>\n\t\t\t\t\t<\/div>\n\t\t<\/div>\n\t\t\t\t\t<\/div>\n\t\t<\/section>\n\t\t\t\t<section class=\"elementor-section elementor-top-section elementor-element elementor-element-220f4fb elementor-section-boxed elementor-section-height-default elementor-section-height-default\" data-id=\"220f4fb\" data-element_type=\"section\" data-settings=\"{&quot;_ha_eqh_enable&quot;:false}\">\n\t\t\t\t\t\t<div class=\"elementor-container elementor-column-gap-default\">\n\t\t\t\t\t<div class=\"elementor-column elementor-col-100 elementor-top-column elementor-element elementor-element-07a616d\" data-id=\"07a616d\" data-element_type=\"column\">\n\t\t\t<div class=\"elementor-widget-wrap elementor-element-populated\">\n\t\t\t\t\t\t<div class=\"elementor-element elementor-element-54dbadb elementor-widget elementor-widget-heading\" data-id=\"54dbadb\" data-element_type=\"widget\" data-widget_type=\"heading.default\">\n\t\t\t\t<div class=\"elementor-widget-container\">\n\t\t\t\t\t<h3 class=\"elementor-heading-title elementor-size-default\">ABADE DE BA\u00c7AL<\/h3>\t\t\t\t<\/div>\n\t\t\t\t<\/div>\n\t\t\t\t\t<\/div>\n\t\t<\/div>\n\t\t\t\t\t<\/div>\n\t\t<\/section>\n\t\t\t\t<section class=\"elementor-section elementor-top-section elementor-element elementor-element-b4dc8e4 elementor-section-boxed elementor-section-height-default elementor-section-height-default\" data-id=\"b4dc8e4\" data-element_type=\"section\" data-settings=\"{&quot;_ha_eqh_enable&quot;:false}\">\n\t\t\t\t\t\t<div class=\"elementor-container elementor-column-gap-default\">\n\t\t\t\t\t<div class=\"elementor-column elementor-col-100 elementor-top-column elementor-element elementor-element-c60719b\" data-id=\"c60719b\" data-element_type=\"column\">\n\t\t\t<div class=\"elementor-widget-wrap elementor-element-populated\">\n\t\t\t\t\t\t<div class=\"elementor-element elementor-element-6ba7de3 elementor-widget elementor-widget-spacer\" data-id=\"6ba7de3\" data-element_type=\"widget\" data-widget_type=\"spacer.default\">\n\t\t\t\t<div class=\"elementor-widget-container\">\n\t\t\t\t\t\t\t<div class=\"elementor-spacer\">\n\t\t\t<div class=\"elementor-spacer-inner\"><\/div>\n\t\t<\/div>\n\t\t\t\t\t\t<\/div>\n\t\t\t\t<\/div>\n\t\t\t\t\t<\/div>\n\t\t<\/div>\n\t\t\t\t\t<\/div>\n\t\t<\/section>\n\t\t\t\t<section class=\"elementor-section elementor-top-section elementor-element elementor-element-1760fcd elementor-section-boxed elementor-section-height-default elementor-section-height-default\" data-id=\"1760fcd\" data-element_type=\"section\" data-settings=\"{&quot;_ha_eqh_enable&quot;:false}\">\n\t\t\t\t\t\t<div class=\"elementor-container elementor-column-gap-default\">\n\t\t\t\t\t<div class=\"elementor-column elementor-col-25 elementor-top-column elementor-element elementor-element-848bcb4\" data-id=\"848bcb4\" data-element_type=\"column\">\n\t\t\t<div class=\"elementor-widget-wrap elementor-element-populated\">\n\t\t\t\t\t\t<div class=\"elementor-element elementor-element-d61c29e elementor-widget elementor-widget-image\" data-id=\"d61c29e\" data-element_type=\"widget\" data-widget_type=\"image.default\">\n\t\t\t\t<div class=\"elementor-widget-container\">\n\t\t\t\t\t\t\t\t\t\t\t\t\t\t\t<img fetchpriority=\"high\" decoding=\"async\" width=\"1024\" height=\"1024\" src=\"https:\/\/www.aeabadebacal.pt\/wp-content\/uploads\/2024\/04\/Selo_Bem_Estar_Escola_24-01-1024x1024.png\" class=\"attachment-large size-large wp-image-7123\" alt=\"\" srcset=\"https:\/\/www.aeabadebacal.pt\/wp-content\/uploads\/2024\/04\/Selo_Bem_Estar_Escola_24-01-1024x1024.png 1024w, https:\/\/www.aeabadebacal.pt\/wp-content\/uploads\/2024\/04\/Selo_Bem_Estar_Escola_24-01-300x300.png 300w, https:\/\/www.aeabadebacal.pt\/wp-content\/uploads\/2024\/04\/elementor\/thumbs\/Selo_Bem_Estar_Escola_24-01-qnhjeoonlx2lo67j3rv7vkiydgxkkptcvgrni0e7vg.png 150w, https:\/\/www.aeabadebacal.pt\/wp-content\/uploads\/2024\/04\/Selo_Bem_Estar_Escola_24-01-768x768.png 768w, https:\/\/www.aeabadebacal.pt\/wp-content\/uploads\/2024\/04\/Selo_Bem_Estar_Escola_24-01-1536x1536.png 1536w, https:\/\/www.aeabadebacal.pt\/wp-content\/uploads\/2024\/04\/Selo_Bem_Estar_Escola_24-01-2048x2048.png 2048w\" sizes=\"(max-width: 1024px) 100vw, 1024px\" \/>\t\t\t\t\t\t\t\t\t\t\t\t\t\t\t<\/div>\n\t\t\t\t<\/div>\n\t\t\t\t\t<\/div>\n\t\t<\/div>\n\t\t\t\t<div class=\"elementor-column elementor-col-25 elementor-top-column elementor-element elementor-element-4e24562\" data-id=\"4e24562\" data-element_type=\"column\">\n\t\t\t<div class=\"elementor-widget-wrap elementor-element-populated\">\n\t\t\t\t\t\t<div class=\"elementor-element elementor-element-cd5dbd9 elementor-widget elementor-widget-image\" data-id=\"cd5dbd9\" data-element_type=\"widget\" data-widget_type=\"image.default\">\n\t\t\t\t<div class=\"elementor-widget-container\">\n\t\t\t\t\t\t\t\t\t\t\t\t\t\t\t<img decoding=\"async\" width=\"724\" height=\"1024\" src=\"https:\/\/www.aeabadebacal.pt\/wp-content\/uploads\/2024\/04\/CartazSemanaBem-estarDigitalSessa\u0303oPais_FINAL-724x1024.png\" class=\"attachment-large size-large wp-image-7124\" alt=\"\" srcset=\"https:\/\/www.aeabadebacal.pt\/wp-content\/uploads\/2024\/04\/CartazSemanaBem-estarDigitalSessa\u0303oPais_FINAL-724x1024.png 724w, https:\/\/www.aeabadebacal.pt\/wp-content\/uploads\/2024\/04\/CartazSemanaBem-estarDigitalSessa\u0303oPais_FINAL-212x300.png 212w, https:\/\/www.aeabadebacal.pt\/wp-content\/uploads\/2024\/04\/CartazSemanaBem-estarDigitalSessa\u0303oPais_FINAL-768x1086.png 768w, https:\/\/www.aeabadebacal.pt\/wp-content\/uploads\/2024\/04\/CartazSemanaBem-estarDigitalSessa\u0303oPais_FINAL-1086x1536.png 1086w, https:\/\/www.aeabadebacal.pt\/wp-content\/uploads\/2024\/04\/CartazSemanaBem-estarDigitalSessa\u0303oPais_FINAL-1448x2048.png 1448w, https:\/\/www.aeabadebacal.pt\/wp-content\/uploads\/2024\/04\/CartazSemanaBem-estarDigitalSessa\u0303oPais_FINAL.png 1587w\" sizes=\"(max-width: 724px) 100vw, 724px\" \/>\t\t\t\t\t\t\t\t\t\t\t\t\t\t\t<\/div>\n\t\t\t\t<\/div>\n\t\t\t\t\t<\/div>\n\t\t<\/div>\n\t\t\t\t<div class=\"elementor-column elementor-col-25 elementor-top-column elementor-element elementor-element-7daeed9\" data-id=\"7daeed9\" data-element_type=\"column\">\n\t\t\t<div class=\"elementor-widget-wrap elementor-element-populated\">\n\t\t\t\t\t\t<div class=\"elementor-element elementor-element-500f20c elementor-widget elementor-widget-text-editor\" data-id=\"500f20c\" data-element_type=\"widget\" data-widget_type=\"text-editor.default\">\n\t\t\t\t<div class=\"elementor-widget-container\">\n\t\t\t\t\t\t\t\t\t<p><strong>Apresenta\u00e7\u00e3o de Plano de\u00a0 Desenvolvimento Digital 2023-2025 \u2192 <\/strong><span style=\"color: #ff9900;\"><a style=\"color: #ff9900;\" href=\"https:\/\/drive.google.com\/file\/d\/1oqGsAtwHlFjMrAexZ7-IXK5N8Sk9QoFu\/view?usp=sharing\" target=\"_blank\" rel=\"noopener\">Abrir&#8230;<\/a><\/span><\/p><p>\u00a0<\/p><p><strong>Cartaz Semana Bem-estar Digital &#8211; Sessa\u0303o Encarregados de Educa\u00e7\u00e3o \u2192 <\/strong><span style=\"color: #ff9900;\"><a style=\"color: #ff9900;\" href=\"https:\/\/drive.google.com\/file\/d\/11ABlrjWW7WjUHOs8Q86r3lOqM4qajWmX\/view?usp=sharing\" target=\"_blank\" rel=\"noopener\">Abrir&#8230;<\/a><\/span><\/p><p>\u00a0<\/p><p><strong>Plano de A\u00e7\u00e3o para o Desenvolvimento Digital da Escola \u2192 <\/strong><span style=\"color: #ff9900;\"><a style=\"color: #ff9900;\" href=\"https:\/\/drive.google.com\/file\/d\/1r6VQCvtTNKD9LH1obhpCL4n8NI3D6Qq6\/view?pli=1\" target=\"_blank\" rel=\"noopener\">Abrir&#8230;\u00a0<\/a><\/span><\/p>\t\t\t\t\t\t\t\t<\/div>\n\t\t\t\t<\/div>\n\t\t\t\t\t<\/div>\n\t\t<\/div>\n\t\t\t\t<div class=\"elementor-column elementor-col-25 elementor-top-column elementor-element elementor-element-b43d67d\" data-id=\"b43d67d\" data-element_type=\"column\">\n\t\t\t<div class=\"elementor-widget-wrap\">\n\t\t\t\t\t\t\t<\/div>\n\t\t<\/div>\n\t\t\t\t\t<\/div>\n\t\t<\/section>\n\t\t\t\t<\/div>\n\t\t","protected":false},"excerpt":{"rendered":"<p>ABADE DE BA\u00c7AL Apresenta\u00e7\u00e3o de Plano de\u00a0 Desenvolvimento Digital 2023-2025 \u2192 Abrir&#8230; \u00a0 Cartaz Semana Bem-estar Digital &#8211; Sessa\u0303o Encarregados de Educa\u00e7\u00e3o \u2192 Abrir&#8230; \u00a0 Plano de A\u00e7\u00e3o para o Desenvolvimento Digital da Escola \u2192 Abrir&#8230;\u00a0<\/p>\n","protected":false},"author":3,"featured_media":0,"parent":0,"menu_order":0,"comment_status":"closed","ping_status":"closed","template":"","meta":{"_eb_attr":"","site-sidebar-layout":"no-sidebar","site-content-layout":"page-builder","ast-site-content-layout":"default","site-content-style":"default","site-sidebar-style":"default","ast-global-header-display":"","ast-banner-title-visibility":"","ast-main-header-display":"","ast-hfb-above-header-display":"","ast-hfb-below-header-display":"","ast-hfb-mobile-header-display":"","site-post-title":"disabled","ast-breadcrumbs-content":"","ast-featured-img":"disabled","footer-sml-layout":"","theme-transparent-header-meta":"","adv-header-id-meta":"","stick-header-meta":"","header-above-stick-meta":"","header-main-stick-meta":"","header-below-stick-meta":"","astra-migrate-meta-layouts":"default","ast-page-background-enabled":"default","ast-page-background-meta":{"desktop":{"background-color":"","background-image":"","background-repeat":"repeat","background-position":"center center","background-size":"auto","background-attachment":"scroll","background-type":"","background-media":"","overlay-type":"","overlay-color":"","overlay-opacity":"","overlay-gradient":""},"tablet":{"background-color":"","background-image":"","background-repeat":"repeat","background-position":"center center","background-size":"auto","background-attachment":"scroll","background-type":"","background-media":"","overlay-type":"","overlay-color":"","overlay-opacity":"","overlay-gradient":""},"mobile":{"background-color":"","background-image":"","background-repeat":"repeat","background-position":"center center","background-size":"auto","background-attachment":"scroll","background-type":"","background-media":"","overlay-type":"","overlay-color":"","overlay-opacity":"","overlay-gradient":""}},"ast-content-background-meta":{"desktop":{"background-color":"var(--ast-global-color-5)","background-image":"","background-repeat":"repeat","background-position":"center center","background-size":"auto","background-attachment":"scroll","background-type":"","background-media":"","overlay-type":"","overlay-color":"","overlay-opacity":"","overlay-gradient":""},"tablet":{"background-color":"var(--ast-global-color-5)","background-image":"","background-repeat":"repeat","background-position":"center center","background-size":"auto","background-attachment":"scroll","background-type":"","background-media":"","overlay-type":"","overlay-color":"","overlay-opacity":"","overlay-gradient":""},"mobile":{"background-color":"var(--ast-global-color-5)","background-image":"","background-repeat":"repeat","background-position":"center center","background-size":"auto","background-attachment":"scroll","background-type":"","background-media":"","overlay-type":"","overlay-color":"","overlay-opacity":"","overlay-gradient":""}},"footnotes":""},"class_list":["post-7119","page","type-page","status-publish","hentry"],"_links":{"self":[{"href":"https:\/\/www.aeabadebacal.pt\/index.php\/wp-json\/wp\/v2\/pages\/7119","targetHints":{"allow":["GET"]}}],"collection":[{"href":"https:\/\/www.aeabadebacal.pt\/index.php\/wp-json\/wp\/v2\/pages"}],"about":[{"href":"https:\/\/www.aeabadebacal.pt\/index.php\/wp-json\/wp\/v2\/types\/page"}],"author":[{"embeddable":true,"href":"https:\/\/www.aeabadebacal.pt\/index.php\/wp-json\/wp\/v2\/users\/3"}],"replies":[{"embeddable":true,"href":"https:\/\/www.aeabadebacal.pt\/index.php\/wp-json\/wp\/v2\/comments?post=7119"}],"version-history":[{"count":0,"href":"https:\/\/www.aeabadebacal.pt\/index.php\/wp-json\/wp\/v2\/pages\/7119\/revisions"}],"wp:attachment":[{"href":"https:\/\/www.aeabadebacal.pt\/index.php\/wp-json\/wp\/v2\/media?parent=7119"}],"curies":[{"name":"wp","href":"https:\/\/api.w.org\/{rel}","templated":true}]}}