{"id":857,"date":"2022-03-28T18:07:44","date_gmt":"2022-03-28T18:07:44","guid":{"rendered":"http:\/\/novo.aeabadebacal.pt:8083\/?page_id=857"},"modified":"2026-03-10T22:46:45","modified_gmt":"2026-03-10T22:46:45","slug":"conselhopedagogico","status":"publish","type":"page","link":"https:\/\/www.aeabadebacal.pt\/index.php\/conselhopedagogico\/","title":{"rendered":"Conselho Pedag\u00f3gico"},"content":{"rendered":"\t\t<div data-elementor-type=\"wp-page\" data-elementor-id=\"857\" class=\"elementor elementor-857\" data-elementor-settings=\"{&quot;ha_cmc_init_switcher&quot;:&quot;no&quot;}\">\n\t\t\t\t\t\t<section class=\"elementor-section elementor-top-section elementor-element elementor-element-186aeb0 elementor-section-boxed elementor-section-height-default elementor-section-height-default\" data-id=\"186aeb0\" data-element_type=\"section\" data-settings=\"{&quot;background_background&quot;:&quot;classic&quot;,&quot;_ha_eqh_enable&quot;:false}\">\n\t\t\t\t\t\t<div class=\"elementor-container elementor-column-gap-default\">\n\t\t\t\t\t<div class=\"elementor-column elementor-col-100 elementor-top-column elementor-element elementor-element-987fefd\" data-id=\"987fefd\" data-element_type=\"column\">\n\t\t\t<div class=\"elementor-widget-wrap elementor-element-populated\">\n\t\t\t\t\t\t<div class=\"elementor-element elementor-element-ba2139b elementor-widget elementor-widget-image\" data-id=\"ba2139b\" data-element_type=\"widget\" data-widget_type=\"image.default\">\n\t\t\t\t<div class=\"elementor-widget-container\">\n\t\t\t\t\t\t\t\t\t\t\t\t\t\t\t<img decoding=\"async\" src=\"https:\/\/www.aeabadebacal.pt\/wp-content\/uploads\/2022\/04\/Faixa-Conselho-Pedagogico.png\" title=\"Faixa Conselho Pedag\u00f3gico\" alt=\"Faixa Conselho Pedag\u00f3gico\" loading=\"lazy\" \/>\t\t\t\t\t\t\t\t\t\t\t\t\t\t\t<\/div>\n\t\t\t\t<\/div>\n\t\t\t\t\t<\/div>\n\t\t<\/div>\n\t\t\t\t\t<\/div>\n\t\t<\/section>\n\t\t\t\t<section class=\"elementor-section elementor-top-section elementor-element elementor-element-8c0f1af elementor-section-boxed elementor-section-height-default elementor-section-height-default\" data-id=\"8c0f1af\" data-element_type=\"section\" data-settings=\"{&quot;background_background&quot;:&quot;classic&quot;,&quot;_ha_eqh_enable&quot;:false}\">\n\t\t\t\t\t\t<div class=\"elementor-container elementor-column-gap-default\">\n\t\t\t\t\t<div class=\"elementor-column elementor-col-100 elementor-top-column elementor-element elementor-element-9d2b2f2\" data-id=\"9d2b2f2\" data-element_type=\"column\" data-settings=\"{&quot;background_background&quot;:&quot;classic&quot;}\">\n\t\t\t<div class=\"elementor-widget-wrap elementor-element-populated\">\n\t\t\t\t\t\t<div class=\"elementor-element elementor-element-8d11e28 elementor-widget elementor-widget-text-editor\" data-id=\"8d11e28\" data-element_type=\"widget\" data-widget_type=\"text-editor.default\">\n\t\t\t\t<div class=\"elementor-widget-container\">\n\t\t\t\t\t\t\t\t\t<p><strong>O Conselho Pedag\u00f3gico \u00e9 o \u00f3rg\u00e3o de coordena\u00e7\u00e3o e supervis\u00e3o pedag\u00f3gica e orienta\u00e7\u00e3o educativa do Agrupamento, nomeadamente nos dom\u00ednios pedag\u00f3gico-did\u00e1tico, da orienta\u00e7\u00e3o e acompanhamento dos alunos e da forma\u00e7\u00e3o inicial e cont\u00ednua do pessoal docente e n\u00e3o docente.<\/strong><\/p><p style=\"text-align: justify;\">O Conselho Pedag\u00f3gico \u00e9 constitu\u00eddo por dezassete membros, a saber:<\/p><p style=\"text-align: justify;\"><strong style=\"font-style: inherit; background-color: var( --e-global-color-astglobalcolor5 ); color: var(--ast-global-color-3);\">a) A Diretora, que preside:<\/strong><\/p><p style=\"text-align: justify;\">Maria Teresa S\u00e1 Pires<\/p><p style=\"text-align: justify;\"><strong>\u00a0<span style=\"font-style: inherit; background-color: var( --e-global-color-astglobalcolor5 ); color: var(--ast-global-color-3);\">b) Nove Coordenadores dos Departamentos Curriculares:<\/span><\/strong><\/p><p style=\"text-align: justify;\">Maria Fernanda Silva<\/p><p style=\"text-align: justify;\">Carlos Dinis Fernandes<\/p><p style=\"text-align: justify;\">Lu\u00edsa Diz Lopes<\/p><p style=\"text-align: justify;\">Cesarina Teixeira<\/p><p style=\"text-align: justify;\">Maria Alice Afonso<\/p><p style=\"text-align: justify;\">Manuel Cordeiro<\/p><p style=\"text-align: justify;\">Mariana Carvalho<\/p><p style=\"text-align: justify;\">Leonor Brilhante<\/p><p style=\"text-align: justify;\">Adelaide Rodrigues<\/p><p style=\"text-align: justify;\"><strong>c) Tr\u00eas Coordenadores dos Diretores de Turma:<\/strong><\/p><p style=\"text-align: justify;\">Ol\u00edmpia Rodrigues<\/p><p style=\"text-align: justify;\">Susete Santos<\/p><p style=\"text-align: justify;\">Ana Maria Ramalho<\/p><p style=\"text-align: justify;\"><strong>d) \u00a0Um Professor Bibliotec\u00e1rio:<\/strong><\/p><p style=\"text-align: justify;\">Lurdes Nicolau<\/p><p style=\"text-align: justify;\"><strong>e) Um Professor representante da Oferta Educativa:<\/strong><\/p><p style=\"text-align: justify;\">Manuel Trindade<\/p><p style=\"text-align: justify;\">\u00a0<\/p>\t\t\t\t\t\t\t\t<\/div>\n\t\t\t\t<\/div>\n\t\t\t\t\t<\/div>\n\t\t<\/div>\n\t\t\t\t\t<\/div>\n\t\t<\/section>\n\t\t\t\t<section class=\"elementor-section elementor-top-section elementor-element elementor-element-2448642 elementor-section-boxed elementor-section-height-default elementor-section-height-default\" data-id=\"2448642\" data-element_type=\"section\" data-settings=\"{&quot;_ha_eqh_enable&quot;:false}\">\n\t\t\t\t\t\t<div class=\"elementor-container elementor-column-gap-default\">\n\t\t\t\t\t<div class=\"elementor-column elementor-col-100 elementor-top-column elementor-element elementor-element-f06968c\" data-id=\"f06968c\" data-element_type=\"column\" data-settings=\"{&quot;background_background&quot;:&quot;classic&quot;}\">\n\t\t\t<div class=\"elementor-widget-wrap elementor-element-populated\">\n\t\t\t\t\t\t<div class=\"elementor-element elementor-element-ba64a8a elementor-widget elementor-widget-heading\" data-id=\"ba64a8a\" data-element_type=\"widget\" data-widget_type=\"heading.default\">\n\t\t\t\t<div class=\"elementor-widget-container\">\n\t\t\t\t\t<h4 class=\"elementor-heading-title elementor-size-default\">Ano Letivo 2025-2026<\/h4>\t\t\t\t<\/div>\n\t\t\t\t<\/div>\n\t\t\t\t\t<\/div>\n\t\t<\/div>\n\t\t\t\t\t<\/div>\n\t\t<\/section>\n\t\t\t\t<section class=\"elementor-section elementor-top-section elementor-element elementor-element-5bb5234 elementor-section-boxed elementor-section-height-default elementor-section-height-default\" data-id=\"5bb5234\" data-element_type=\"section\" data-settings=\"{&quot;_ha_eqh_enable&quot;:false}\">\n\t\t\t\t\t\t<div class=\"elementor-container elementor-column-gap-default\">\n\t\t\t\t\t<div class=\"elementor-column elementor-col-50 elementor-top-column elementor-element elementor-element-1d75aa9\" data-id=\"1d75aa9\" data-element_type=\"column\" data-settings=\"{&quot;background_background&quot;:&quot;classic&quot;}\">\n\t\t\t<div class=\"elementor-widget-wrap elementor-element-populated\">\n\t\t\t\t\t\t<div class=\"elementor-element elementor-element-85e5082 elementor-widget elementor-widget-text-editor\" data-id=\"85e5082\" data-element_type=\"widget\" data-widget_type=\"text-editor.default\">\n\t\t\t\t<div class=\"elementor-widget-container\">\n\t\t\t\t\t\t\t\t\t<h3 style=\"font-weight: 400;\"><b><strong>Convocat\u00f3rias<\/strong><\/b><\/h3><p style=\"font-style: inherit; font-weight: inherit;\">Convocat\u00f3ria Conselho Pedag\u00f3gico N.\u00ba 1 (<a href=\"https:\/\/drive.google.com\/file\/d\/1RYdH8UPxZMiwFcCBEhtsDBC197FbNpVJ\/view?usp=sharing\" target=\"_blank\" rel=\"noopener\">Abrir<\/a>)<\/p><p>Convocat\u00f3ria Conselho Pedag\u00f3gico N.\u00ba 2 (<a href=\"https:\/\/drive.google.com\/file\/d\/1hyQqEtNBcwCQz6su6De3fV3lvuLZsGMB\/view?usp=sharing\" target=\"_blank\" rel=\"noopener\">Abrir<\/a>)<\/p><p>Convocat\u00f3ria Conselho Pedag\u00f3gico N.\u00ba 3 (<a href=\"https:\/\/drive.google.com\/file\/d\/1I1YeURLurOVYfUe907nC9w9CEZexImG4\/view?usp=sharing\" target=\"_blank\" rel=\"noopener\">Abrir<\/a>)<\/p><p>Convocat\u00f3ria Conselho Pedag\u00f3gico N.\u00ba 4 (<a href=\"https:\/\/drive.google.com\/file\/d\/1xq1mApcURoX2WmFd4GIVTnre9TusctEq\/view?usp=sharing\" target=\"_blank\" rel=\"noopener\">Abrir<\/a>)<\/p>\t\t\t\t\t\t\t\t<\/div>\n\t\t\t\t<\/div>\n\t\t\t\t\t<\/div>\n\t\t<\/div>\n\t\t\t\t<div class=\"elementor-column elementor-col-50 elementor-top-column elementor-element elementor-element-2556e91\" data-id=\"2556e91\" data-element_type=\"column\">\n\t\t\t<div class=\"elementor-widget-wrap elementor-element-populated\">\n\t\t\t\t\t\t<div class=\"elementor-element elementor-element-e225822 elementor-widget elementor-widget-text-editor\" data-id=\"e225822\" data-element_type=\"widget\" data-widget_type=\"text-editor.default\">\n\t\t\t\t<div class=\"elementor-widget-container\">\n\t\t\t\t\t\t\t\t\t<h3><strong>Gui\u00f5es<\/strong><\/h3><p>Gui\u00e3o do Conselho Pedag\u00f3gico N.\u00ba 1 &#8211; 4 de setembro (<a href=\"https:\/\/drive.google.com\/file\/d\/1jysl6fsov9qigwux2gLPg7U6TM2ZkoOE\/view?usp=sharing\" target=\"_blank\" rel=\"noopener\">Abrir<\/a>)<\/p><p>Gui\u00e3o do Conselho Pedag\u00f3gico N.\u00ba 2 &#8211; 23 de outubro (<a href=\"https:\/\/drive.google.com\/file\/d\/1vNfmEa7Zt3lIIXY7-asvsZkTqIC3-haz\/view?usp=sharing\" target=\"_blank\" rel=\"noopener\">Abrir<\/a>)<\/p><p>Gui\u00e3o do Conselho Pedag\u00f3gico N.\u00ba 3 &#8211; 4 de dezembro (<a href=\"https:\/\/drive.google.com\/file\/d\/1kag67B7R0YHwmAkSpdfYPJM8d01V1Xsk\/view?usp=sharing\" target=\"_blank\" rel=\"noopener\">Abrir<\/a>)<\/p><p>Gui\u00e3o do Conselho Pedag\u00f3gico N.\u00ba 4 &#8211; 22 de janeiro (<a href=\"https:\/\/drive.google.com\/file\/d\/1CPU5Fqo4X7v5UaNZ4FgHc9LAXAf_arki\/view?usp=sharing\" target=\"_blank\" rel=\"noopener\">Abrir<\/a>)<\/p>\t\t\t\t\t\t\t\t<\/div>\n\t\t\t\t<\/div>\n\t\t\t\t\t<\/div>\n\t\t<\/div>\n\t\t\t\t\t<\/div>\n\t\t<\/section>\n\t\t\t\t<section class=\"elementor-section elementor-top-section elementor-element elementor-element-1d899bb elementor-section-boxed elementor-section-height-default elementor-section-height-default\" data-id=\"1d899bb\" data-element_type=\"section\" data-settings=\"{&quot;_ha_eqh_enable&quot;:false}\">\n\t\t\t\t\t\t<div class=\"elementor-container elementor-column-gap-default\">\n\t\t\t\t\t<div class=\"elementor-column elementor-col-100 elementor-top-column elementor-element elementor-element-7ab18d0\" data-id=\"7ab18d0\" data-element_type=\"column\">\n\t\t\t<div class=\"elementor-widget-wrap elementor-element-populated\">\n\t\t\t\t\t\t<div class=\"elementor-element elementor-element-8a0e98c elementor-widget-divider--view-line elementor-widget elementor-widget-divider\" data-id=\"8a0e98c\" data-element_type=\"widget\" data-widget_type=\"divider.default\">\n\t\t\t\t<div class=\"elementor-widget-container\">\n\t\t\t\t\t\t\t<div class=\"elementor-divider\">\n\t\t\t<span class=\"elementor-divider-separator\">\n\t\t\t\t\t\t<\/span>\n\t\t<\/div>\n\t\t\t\t\t\t<\/div>\n\t\t\t\t<\/div>\n\t\t\t\t\t<\/div>\n\t\t<\/div>\n\t\t\t\t\t<\/div>\n\t\t<\/section>\n\t\t\t\t<section class=\"elementor-section elementor-top-section elementor-element elementor-element-86c2bc3 elementor-section-boxed elementor-section-height-default elementor-section-height-default\" data-id=\"86c2bc3\" data-element_type=\"section\" data-settings=\"{&quot;_ha_eqh_enable&quot;:false}\">\n\t\t\t\t\t\t<div class=\"elementor-container elementor-column-gap-default\">\n\t\t\t\t\t<div class=\"elementor-column elementor-col-100 elementor-top-column elementor-element elementor-element-1796259\" data-id=\"1796259\" data-element_type=\"column\" data-settings=\"{&quot;background_background&quot;:&quot;classic&quot;}\">\n\t\t\t<div class=\"elementor-widget-wrap elementor-element-populated\">\n\t\t\t\t\t\t<div class=\"elementor-element elementor-element-11fdc90 elementor-widget elementor-widget-heading\" data-id=\"11fdc90\" data-element_type=\"widget\" data-widget_type=\"heading.default\">\n\t\t\t\t<div class=\"elementor-widget-container\">\n\t\t\t\t\t<h4 class=\"elementor-heading-title elementor-size-default\">Ano Letivo 2024-2025<\/h4>\t\t\t\t<\/div>\n\t\t\t\t<\/div>\n\t\t\t\t\t<\/div>\n\t\t<\/div>\n\t\t\t\t\t<\/div>\n\t\t<\/section>\n\t\t\t\t<section class=\"elementor-section elementor-top-section elementor-element elementor-element-5cd2c1d elementor-section-boxed elementor-section-height-default elementor-section-height-default\" data-id=\"5cd2c1d\" data-element_type=\"section\" data-settings=\"{&quot;_ha_eqh_enable&quot;:false}\">\n\t\t\t\t\t\t<div class=\"elementor-container elementor-column-gap-default\">\n\t\t\t\t\t<div class=\"elementor-column elementor-col-50 elementor-top-column elementor-element elementor-element-f71f9c1\" data-id=\"f71f9c1\" data-element_type=\"column\" data-settings=\"{&quot;background_background&quot;:&quot;classic&quot;}\">\n\t\t\t<div class=\"elementor-widget-wrap elementor-element-populated\">\n\t\t\t\t\t\t<div class=\"elementor-element elementor-element-6ac94d8 elementor-widget elementor-widget-text-editor\" data-id=\"6ac94d8\" data-element_type=\"widget\" data-widget_type=\"text-editor.default\">\n\t\t\t\t<div class=\"elementor-widget-container\">\n\t\t\t\t\t\t\t\t\t<h3 style=\"font-weight: 400;\"><b><strong>Convocat\u00f3rias<\/strong><\/b><\/h3><p style=\"font-style: inherit; font-weight: inherit;\"><a href=\"https:\/\/drive.google.com\/file\/d\/1LOHpTitZs4Br16RvjHEcn4s5qkegZDJ6\/view?usp=sharing\" target=\"_blank\" rel=\"noopener\">Convocat\u00f3ria Conselho Pedag\u00f3gico N.\u00ba 1 \u2192<\/a><\/p><p style=\"font-style: inherit; font-weight: inherit;\"><a href=\"https:\/\/drive.google.com\/file\/d\/1GsYFuKpS11ncn7y9SBXM152t5QjTeTO6\/view?usp=sharing\" target=\"_blank\" rel=\"noopener\">Convocat\u00f3ria Conselho Pedag\u00f3gico N.\u00ba 2 \u2192<\/a><\/p><p style=\"font-style: inherit; font-weight: inherit;\"><a href=\"https:\/\/drive.google.com\/file\/d\/1YBC70Y8jvDs-yZ6mdEQxI-nraE3WMEst\/view?usp=sharing\" target=\"_blank\" rel=\"noopener\">Convocat\u00f3ria Conselho Pedag\u00f3gico N.\u00ba 3 \u2192<\/a><\/p><p style=\"font-style: inherit; font-weight: inherit;\"><a href=\"https:\/\/drive.google.com\/file\/d\/11XGkXUXROTZFtB2Sn9gcoIJV47y00YYV\/view?usp=sharing\" target=\"_blank\" rel=\"noopener\">Convocat\u00f3ria Conselho Pedag\u00f3gico N.\u00ba 4 \u2192<\/a><\/p><p style=\"font-style: inherit; font-weight: inherit;\"><a href=\"https:\/\/drive.google.com\/file\/d\/1IZrHQNy2ghCpY7Dm2hYqXMZxj_DklcnA\/view?usp=sharing\" target=\"_blank\" rel=\"noopener\">Convocat\u00f3ria Conselho Pedag\u00f3gico N.\u00ba 5 \u2192<\/a><\/p><p style=\"font-style: inherit; font-weight: inherit;\"><a href=\"https:\/\/drive.google.com\/file\/d\/1n2v-c6c8jo4PUy40Ue1yV__stf94R5q0\/view?usp=sharing\" target=\"_blank\" rel=\"noopener\">Convocat\u00f3ria Conselho Pedag\u00f3gico N.\u00ba 6 \u2192<\/a><\/p><p style=\"font-style: inherit; font-weight: inherit;\"><a href=\"https:\/\/drive.google.com\/file\/d\/12s-9Zt6dgr0_bntRolqAP2wn4bgBMqbb\/view?usp=sharing\" target=\"_blank\" rel=\"noopener\">Convocat\u00f3ria Conselho Pedag\u00f3gico N.\u00ba 7 \u2192<\/a><\/p><p style=\"font-style: inherit; font-weight: inherit;\"><a href=\"https:\/\/drive.google.com\/file\/d\/13LsR9UWJR5aUyueMIv1S3urcLXjNnRkl\/view?usp=sharing\" target=\"_blank\" rel=\"noopener\">Convocat\u00f3ria Conselho Pedag\u00f3gico N.\u00ba 8 \u2192<\/a><\/p><p style=\"font-style: inherit; font-weight: inherit;\"><a href=\"https:\/\/drive.google.com\/file\/d\/1oAeatwCLn2OOAFiiqVAqCgMsF0YivHpT\/view?usp=sharing\" target=\"_blank\" rel=\"noopener\">Convocat\u00f3ria Conselho Pedag\u00f3gico N.\u00ba 9 \u2192<\/a><\/p><p style=\"font-style: inherit; font-weight: inherit;\"><a href=\"https:\/\/drive.google.com\/file\/d\/1tJ8ifo4ulz9SxHgE2NhRoQKWzv9PUhif\/view?usp=sharing\" target=\"_blank\" rel=\"noopener\">Convocat\u00f3ria Conselho Pedag\u00f3gico N.\u00ba 10 \u2192<\/a><\/p><p><a href=\"https:\/\/drive.google.com\/file\/d\/1YZ-2_eSIV-I0N4dpJEK0NLWdgZpiIazF\/view?usp=sharing\" target=\"_blank\" rel=\"noopener\">Convocat\u00f3ria Conselho Pedag\u00f3gico N.\u00ba 11 \u2192<\/a><\/p><p><a href=\"https:\/\/drive.google.com\/file\/d\/1gdiJQU5id8cBzyhxTPt5oEcFLv9nO-d2\/view?usp=sharing\" target=\"_blank\" rel=\"noopener\">Convocat\u00f3ria Conselho Pedag\u00f3gico N.\u00ba 12 \u2192<\/a><\/p>\t\t\t\t\t\t\t\t<\/div>\n\t\t\t\t<\/div>\n\t\t\t\t\t<\/div>\n\t\t<\/div>\n\t\t\t\t<div class=\"elementor-column elementor-col-50 elementor-top-column elementor-element elementor-element-cfdf6aa\" data-id=\"cfdf6aa\" data-element_type=\"column\">\n\t\t\t<div class=\"elementor-widget-wrap elementor-element-populated\">\n\t\t\t\t\t\t<div class=\"elementor-element elementor-element-34618f2 elementor-widget elementor-widget-text-editor\" data-id=\"34618f2\" data-element_type=\"widget\" data-widget_type=\"text-editor.default\">\n\t\t\t\t<div class=\"elementor-widget-container\">\n\t\t\t\t\t\t\t\t\t<h3><strong>Gui\u00f5es<\/strong><\/h3><p><a href=\"https:\/\/drive.google.com\/file\/d\/1CT8I4kA7a5BBwhMng7eQ-4uX2ZTIcEjQ\/view?usp=sharing\" target=\"_blank\" rel=\"noopener\">Gui\u00e3o do Conselho Pedag\u00f3gico N.\u00ba 1 (3 de setembro)\u2192<\/a><\/p><p><a href=\"https:\/\/drive.google.com\/file\/d\/1wsduWaSgCXFH4qIeTCJicfpov2ndZSNn\/view?usp=sharing\" target=\"_blank\" rel=\"noopener\">Gui\u00e3o do Conselho Pedag\u00f3gico N.\u00ba 2 (3 de outubro) \u2192<\/a><\/p><p><a href=\"https:\/\/drive.google.com\/file\/d\/1qQGOtRk3RwrkyMt4wrmAQ1fgaX3N_k2S\/view?usp=sharing\" target=\"_blank\" rel=\"noopener\">Gui\u00e3o do Conselho Pedag\u00f3gico N.\u00ba 3 (7 de novembro) \u2192<\/a><\/p><p><a href=\"https:\/\/drive.google.com\/file\/d\/1hQ2DcBr6N5d2Wgvl8M6bNwX0aKBD44Sw\/view?usp=sharing\" target=\"_blank\" rel=\"noopener\">Gui\u00e3o do Conselho Pedag\u00f3gico N.\u00ba 4 (5 de dezembro) \u2192<\/a><\/p><p><a href=\"https:\/\/drive.google.com\/file\/d\/1Xzf5M7V8iA7mU4gm3i6xjysNlx-irHV7\/view?usp=sharing\" target=\"_blank\" rel=\"noopener\">Gui\u00e3o do\u00a0Conselho Pedag\u00f3gico N.\u00ba 5 (23 de janeiro) \u2192<\/a><\/p><p><a href=\"https:\/\/drive.google.com\/file\/d\/1pvwD3cKxSWeJqWxrqD79_GW3B8YjpHT2\/view?usp=sharing\" target=\"_blank\" rel=\"noopener\">Gui\u00e3o do Conselho Pedag\u00f3gico N.\u00ba 6 (12 de fevereiro) \u2192<\/a><\/p><p><a href=\"https:\/\/drive.google.com\/file\/d\/19ce_DyjM29aZ4egRGz48UsyjtGDDvRUD\/view?usp=sharing\" target=\"_blank\" rel=\"noopener\">Gui\u00e3o do Conselho Pedag\u00f3gico N.\u00ba 7 (20 de mar\u00e7o) \u2192<\/a><\/p><p><a href=\"https:\/\/drive.google.com\/file\/d\/1co_FAKlUAzIsXBwEYNQlYU0S9tRmwQZZ\/view?usp=sharing\" target=\"_blank\" rel=\"noopener\">Gui\u00e3o do Conselho Pedag\u00f3gico N.\u00ba 8 (24 de abril) \u2192<\/a><\/p><p><a href=\"https:\/\/drive.google.com\/file\/d\/1NRz601ZFbymyrbFLU6cIT77hsEgG2-Q4\/view?usp=sharing\" target=\"_blank\" rel=\"noopener\">Gui\u00e3o do Conselho Pedag\u00f3gico N.\u00ba 9 (8 de maio) \u2192<\/a><\/p><p><a href=\"https:\/\/drive.google.com\/file\/d\/1AnyEiD5X5t09JxwDgu3pevjuQr2JhlRZ\/view?usp=sharing\" target=\"_blank\" rel=\"noopener\">Gui\u00e3o do Conselho Pedag\u00f3gico N.\u00ba 10 (12 de junho) \u2192<\/a><\/p><p><a href=\"https:\/\/drive.google.com\/file\/d\/1bHVseaMCoCDaqQmRsSBbUlUHpw19sZTU\/view?usp=sharing\" target=\"_blank\" rel=\"noopener\">Gui\u00e3o do Conselho Pedag\u00f3gico N.\u00ba 11 (10 de julho) \u2192<\/a><\/p><p><a href=\"https:\/\/drive.google.com\/file\/d\/1z1QWVDCKVDRKRM5OQgaOckayU9JbNxAh\/view?usp=sharing\" target=\"_blank\" rel=\"noopener\">Gui\u00e3o do Conselho Pedag\u00f3gico N.\u00ba 12 (11 de julho) \u2192<\/a><\/p>\t\t\t\t\t\t\t\t<\/div>\n\t\t\t\t<\/div>\n\t\t\t\t\t<\/div>\n\t\t<\/div>\n\t\t\t\t\t<\/div>\n\t\t<\/section>\n\t\t\t\t<section class=\"elementor-section elementor-top-section elementor-element elementor-element-d2682b0 elementor-section-boxed elementor-section-height-default elementor-section-height-default\" data-id=\"d2682b0\" data-element_type=\"section\" data-settings=\"{&quot;_ha_eqh_enable&quot;:false}\">\n\t\t\t\t\t\t<div class=\"elementor-container elementor-column-gap-default\">\n\t\t\t\t\t<div class=\"elementor-column elementor-col-100 elementor-top-column elementor-element elementor-element-77f59ff\" data-id=\"77f59ff\" data-element_type=\"column\">\n\t\t\t<div class=\"elementor-widget-wrap elementor-element-populated\">\n\t\t\t\t\t\t<div class=\"elementor-element elementor-element-53badfe elementor-widget-divider--view-line elementor-widget elementor-widget-divider\" data-id=\"53badfe\" data-element_type=\"widget\" data-widget_type=\"divider.default\">\n\t\t\t\t<div class=\"elementor-widget-container\">\n\t\t\t\t\t\t\t<div class=\"elementor-divider\">\n\t\t\t<span class=\"elementor-divider-separator\">\n\t\t\t\t\t\t<\/span>\n\t\t<\/div>\n\t\t\t\t\t\t<\/div>\n\t\t\t\t<\/div>\n\t\t\t\t\t<\/div>\n\t\t<\/div>\n\t\t\t\t\t<\/div>\n\t\t<\/section>\n\t\t\t\t<\/div>\n\t\t","protected":false},"excerpt":{"rendered":"<p>O Conselho Pedag\u00f3gico \u00e9 o \u00f3rg\u00e3o de coordena\u00e7\u00e3o e supervis\u00e3o pedag\u00f3gica e orienta\u00e7\u00e3o educativa do Agrupamento, nomeadamente nos dom\u00ednios pedag\u00f3gico-did\u00e1tico, da orienta\u00e7\u00e3o e acompanhamento dos alunos e da forma\u00e7\u00e3o inicial e cont\u00ednua do pessoal docente e n\u00e3o docente. O Conselho Pedag\u00f3gico \u00e9 constitu\u00eddo por dezassete membros, a saber: a) A Diretora, que preside: Maria Teresa [&hellip;]<\/p>\n","protected":false},"author":3,"featured_media":0,"parent":0,"menu_order":0,"comment_status":"closed","ping_status":"closed","template":"elementor_header_footer","meta":{"_eb_attr":"","site-sidebar-layout":"no-sidebar","site-content-layout":"page-builder","ast-site-content-layout":"default","site-content-style":"default","site-sidebar-style":"default","ast-global-header-display":"","ast-banner-title-visibility":"","ast-main-header-display":"","ast-hfb-above-header-display":"","ast-hfb-below-header-display":"","ast-hfb-mobile-header-display":"","site-post-title":"disabled","ast-breadcrumbs-content":"","ast-featured-img":"disabled","footer-sml-layout":"","theme-transparent-header-meta":"","adv-header-id-meta":"","stick-header-meta":"","header-above-stick-meta":"","header-main-stick-meta":"","header-below-stick-meta":"","astra-migrate-meta-layouts":"default","ast-page-background-enabled":"default","ast-page-background-meta":{"desktop":{"background-color":"","background-image":"","background-repeat":"repeat","background-position":"center center","background-size":"auto","background-attachment":"scroll","background-type":"","background-media":"","overlay-type":"","overlay-color":"","overlay-opacity":"","overlay-gradient":""},"tablet":{"background-color":"","background-image":"","background-repeat":"repeat","background-position":"center center","background-size":"auto","background-attachment":"scroll","background-type":"","background-media":"","overlay-type":"","overlay-color":"","overlay-opacity":"","overlay-gradient":""},"mobile":{"background-color":"","background-image":"","background-repeat":"repeat","background-position":"center center","background-size":"auto","background-attachment":"scroll","background-type":"","background-media":"","overlay-type":"","overlay-color":"","overlay-opacity":"","overlay-gradient":""}},"ast-content-background-meta":{"desktop":{"background-color":"var(--ast-global-color-5)","background-image":"","background-repeat":"repeat","background-position":"center center","background-size":"auto","background-attachment":"scroll","background-type":"","background-media":"","overlay-type":"","overlay-color":"","overlay-opacity":"","overlay-gradient":""},"tablet":{"background-color":"var(--ast-global-color-5)","background-image":"","background-repeat":"repeat","background-position":"center center","background-size":"auto","background-attachment":"scroll","background-type":"","background-media":"","overlay-type":"","overlay-color":"","overlay-opacity":"","overlay-gradient":""},"mobile":{"background-color":"var(--ast-global-color-5)","background-image":"","background-repeat":"repeat","background-position":"center center","background-size":"auto","background-attachment":"scroll","background-type":"","background-media":"","overlay-type":"","overlay-color":"","overlay-opacity":"","overlay-gradient":""}},"footnotes":""},"class_list":["post-857","page","type-page","status-publish","hentry"],"_links":{"self":[{"href":"https:\/\/www.aeabadebacal.pt\/index.php\/wp-json\/wp\/v2\/pages\/857","targetHints":{"allow":["GET"]}}],"collection":[{"href":"https:\/\/www.aeabadebacal.pt\/index.php\/wp-json\/wp\/v2\/pages"}],"about":[{"href":"https:\/\/www.aeabadebacal.pt\/index.php\/wp-json\/wp\/v2\/types\/page"}],"author":[{"embeddable":true,"href":"https:\/\/www.aeabadebacal.pt\/index.php\/wp-json\/wp\/v2\/users\/3"}],"replies":[{"embeddable":true,"href":"https:\/\/www.aeabadebacal.pt\/index.php\/wp-json\/wp\/v2\/comments?post=857"}],"version-history":[{"count":54,"href":"https:\/\/www.aeabadebacal.pt\/index.php\/wp-json\/wp\/v2\/pages\/857\/revisions"}],"predecessor-version":[{"id":12465,"href":"https:\/\/www.aeabadebacal.pt\/index.php\/wp-json\/wp\/v2\/pages\/857\/revisions\/12465"}],"wp:attachment":[{"href":"https:\/\/www.aeabadebacal.pt\/index.php\/wp-json\/wp\/v2\/media?parent=857"}],"curies":[{"name":"wp","href":"https:\/\/api.w.org\/{rel}","templated":true}]}}