{"id":8738,"date":"2024-11-05T20:38:24","date_gmt":"2024-11-05T20:38:24","guid":{"rendered":"http:\/\/www.aeabadebacal.pt\/?page_id=8738"},"modified":"2026-04-24T10:10:59","modified_gmt":"2026-04-24T10:10:59","slug":"ementas","status":"publish","type":"page","link":"https:\/\/www.aeabadebacal.pt\/index.php\/ementas\/","title":{"rendered":"Ementas"},"content":{"rendered":"\t\t<div data-elementor-type=\"wp-page\" data-elementor-id=\"8738\" class=\"elementor elementor-8738\" data-elementor-settings=\"{&quot;ha_cmc_init_switcher&quot;:&quot;no&quot;}\">\n\t\t\t\t<div class=\"elementor-element elementor-element-2a62611 e-flex e-con-boxed e-con e-parent\" data-id=\"2a62611\" data-element_type=\"container\" data-settings=\"{&quot;background_background&quot;:&quot;slideshow&quot;,&quot;background_slideshow_gallery&quot;:[{&quot;id&quot;:9434,&quot;url&quot;:&quot;http:\\\/\\\/www.aeabadebacal.pt\\\/wp-content\\\/uploads\\\/2024\\\/12\\\/ementa.jpg&quot;}],&quot;background_slideshow_loop&quot;:&quot;yes&quot;,&quot;background_slideshow_slide_duration&quot;:5000,&quot;background_slideshow_slide_transition&quot;:&quot;fade&quot;,&quot;background_slideshow_transition_duration&quot;:500,&quot;_ha_eqh_enable&quot;:false}\">\n\t\t\t\t\t<div class=\"e-con-inner\">\n\t\t\t\t<div class=\"elementor-element elementor-element-2f3d4a9 elementor-widget elementor-widget-heading\" data-id=\"2f3d4a9\" data-element_type=\"widget\" data-widget_type=\"heading.default\">\n\t\t\t\t<div class=\"elementor-widget-container\">\n\t\t\t\t\t<h2 class=\"elementor-heading-title elementor-size-default\"><b>Ementa do Agrupamento<\/b><\/h2>\t\t\t\t<\/div>\n\t\t\t\t<\/div>\n\t\t\t\t\t<\/div>\n\t\t\t\t<\/div>\n\t\t<div class=\"elementor-element elementor-element-bec9550 e-flex e-con-boxed e-con e-parent\" data-id=\"bec9550\" data-element_type=\"container\" data-settings=\"{&quot;_ha_eqh_enable&quot;:false}\">\n\t\t\t\t\t<div class=\"e-con-inner\">\n\t\t\t\t\t<\/div>\n\t\t\t\t<\/div>\n\t\t<div class=\"elementor-element elementor-element-11bbf37 e-flex e-con-boxed e-con e-parent\" data-id=\"11bbf37\" data-element_type=\"container\" data-settings=\"{&quot;_ha_eqh_enable&quot;:false}\">\n\t\t\t\t\t<div class=\"e-con-inner\">\n\t\t\t\t<div class=\"elementor-element elementor-element-ead2f43 elementor-widget elementor-widget-text-editor\" data-id=\"ead2f43\" data-element_type=\"widget\" data-widget_type=\"text-editor.default\">\n\t\t\t\t<div class=\"elementor-widget-container\">\n\t\t\t\t\t\t\t\t\t<p>&gt; Ementa de 4 de maio a 22 de maio (<a style=\"background-color: #ffffff; transition-property: all;\" href=\"https:\/\/drive.google.com\/file\/d\/17Q6U00ewRXWDRasHzTKIAJIUTdkFfj1y\/view?usp=sharing\" target=\"_blank\" rel=\"noopener\"><span style=\"color: #0000ff;\"><span style=\"font-weight: bold;\">A<\/span><\/span><span style=\"color: #0000ff;\"><span style=\"font-weight: bold;\">qu<\/span><\/span><span style=\"color: #0000ff;\"><span style=\"font-weight: bold;\">i<\/span><\/span><\/a>)<\/p><p>&gt; Ementa de 13 de abril a 30 de abril (<a style=\"background-color: #ffffff; transition-property: all;\" href=\"https:\/\/drive.google.com\/file\/d\/1YJJS0XDTJCvTc9TjaWORxTreZYDC_mZA\/view?usp=sharing\" target=\"_blank\" rel=\"noopener\"><span style=\"color: #0000ff;\"><span style=\"font-weight: bold;\">A<\/span><\/span><span style=\"color: #0000ff;\"><span style=\"font-weight: bold;\">qu<\/span><\/span><span style=\"color: #0000ff;\"><span style=\"font-weight: bold;\">i<\/span><\/span><\/a>)<\/p><p>&gt; Ementa de 23 de mar\u00e7o a 27 de mar\u00e7o (<a style=\"background-color: #ffffff; transition-property: all;\" href=\"https:\/\/drive.google.com\/file\/d\/19ZVPoACuCgKzYJb3H7H2X092v3HuXq9Z\/view?usp=sharing\" target=\"_blank\" rel=\"noopener\"><span style=\"color: #0000ff;\"><span style=\"font-weight: bold;\">A<\/span><\/span><span style=\"color: #0000ff;\"><span style=\"font-weight: bold;\">qu<\/span><\/span><span style=\"color: #0000ff;\"><span style=\"font-weight: bold;\">i<\/span><\/span><\/a>)<\/p><p>&gt; Ementa de 9 de mar\u00e7o a 20 de mar\u00e7o (<a style=\"background-color: #ffffff; transition-property: all;\" href=\"https:\/\/drive.google.com\/file\/d\/1AuZu0A8WSCZ6Vyaf1H9E5xhoPARCBrzo\/view?usp=sharing\" target=\"_blank\" rel=\"noopener\"><span style=\"color: #0000ff;\"><span style=\"font-weight: bold;\">A<\/span><\/span><span style=\"color: #0000ff;\"><span style=\"font-weight: bold;\">qu<\/span><\/span><span style=\"color: #0000ff;\"><span style=\"font-weight: bold;\">i<\/span><\/span><\/a>)<\/p><p>&gt; Ementa de 19 de fevereiro a 6 de mar\u00e7o (<a style=\"background-color: #ffffff; transition-property: all;\" href=\"https:\/\/drive.google.com\/file\/d\/1wCFUrOwhKhwJjF7msKyppLx8ezP8p1Gj\/view?usp=sharing\" target=\"_blank\" rel=\"noopener\"><span style=\"color: #0000ff;\"><span style=\"font-weight: bold;\">A<\/span><\/span><span style=\"color: #0000ff;\"><span style=\"font-weight: bold;\">qu<\/span><\/span><span style=\"color: #0000ff;\"><span style=\"font-weight: bold;\">i<\/span><\/span><\/a>)<\/p><p>&gt; Ementa de 26 de janeiro a 15 de fevereiro (<a style=\"background-color: #ffffff; transition-property: all;\" href=\"https:\/\/drive.google.com\/file\/d\/18djNSVAVTA7uqHd5BH80v4wDDKToKs0J\/view?usp=sharing\" target=\"_blank\" rel=\"noopener\"><span style=\"color: #0000ff;\"><span style=\"font-weight: bold;\">A<\/span><\/span><span style=\"color: #0000ff;\"><span style=\"font-weight: bold;\">qu<\/span><\/span><span style=\"color: #0000ff;\"><span style=\"font-weight: bold;\">i<\/span><\/span><\/a>)<\/p><p>&gt; Ementa de 5 de janeiro a 23 de janeiro (<a style=\"background-color: #ffffff; transition-property: all;\" href=\"https:\/\/drive.google.com\/file\/d\/1hG2ve7EgTFZ8uNcD8ajwumP9o3XpoXGE\/view?usp=sharing\" target=\"_blank\" rel=\"noopener\"><span style=\"color: #0000ff;\"><span style=\"font-weight: bold;\">A<\/span><\/span><span style=\"color: #0000ff;\"><span style=\"font-weight: bold;\">qu<\/span><\/span><span style=\"color: #0000ff;\"><span style=\"font-weight: bold;\">i<\/span><\/span><\/a>)<\/p><p>&gt; Ementa de 9 de dezembro a 16 de dezembro (<a style=\"background-color: #ffffff; transition-property: all;\" href=\"https:\/\/drive.google.com\/file\/d\/1-F1ghz89cVQUFeuiBqfWav72PSP3ZPk0\/view?usp=sharing\" target=\"_blank\" rel=\"noopener\"><span style=\"color: #0000ff;\"><span style=\"font-weight: bold;\">A<\/span><\/span><span style=\"color: #0000ff;\"><span style=\"font-weight: bold;\">qu<\/span><\/span><span style=\"color: #0000ff;\"><span style=\"font-weight: bold;\">i<\/span><\/span><\/a>)<\/p><p>&gt; Ementa de 17 de novembro a 5 de dezembro (<a style=\"background-color: #ffffff; transition-property: all;\" href=\"https:\/\/drive.google.com\/file\/d\/18Am-oy4EXugE0J-YqG6phQgzpsi2X8X_\/view?usp=sharing\" target=\"_blank\" rel=\"noopener\"><span style=\"color: #0000ff;\"><span style=\"font-weight: bold;\">A<\/span><\/span><span style=\"color: #0000ff;\"><span style=\"font-weight: bold;\">qu<\/span><\/span><span style=\"color: #0000ff;\"><span style=\"font-weight: bold;\">i<\/span><\/span><\/a>)<\/p><p>&gt; Ementa de 27 de outubro a 14 de novembro (<a style=\"background-color: #ffffff; transition-property: all;\" href=\"https:\/\/drive.google.com\/file\/d\/1qIM86zgLbHlDlsxTP187jKMZNrZ3UOEr\/view?usp=sharing\" target=\"_blank\" rel=\"noopener\"><span style=\"color: #0000ff;\"><span style=\"font-weight: bold;\">A<\/span><\/span><span style=\"color: #0000ff;\"><span style=\"font-weight: bold;\">qu<\/span><\/span><span style=\"color: #0000ff;\"><span style=\"font-weight: bold;\">i<\/span><\/span><\/a>)<\/p><p>&gt; Ementa de 13 de outubro a 24 de outubro (<a style=\"background-color: #ffffff; transition-property: all;\" href=\"https:\/\/drive.google.com\/file\/d\/1uFZZIUB0d1gWg9VY5ZAxkPIvj7eJP5Ap\/view?usp=sharing\" target=\"_blank\" rel=\"noopener\"><span style=\"color: #0000ff;\"><span style=\"font-weight: bold;\">A<\/span><\/span><span style=\"color: #0000ff;\"><span style=\"font-weight: bold;\">qu<\/span><\/span><span style=\"color: #0000ff;\"><span style=\"font-weight: bold;\">i<\/span><\/span><\/a>)<\/p><p>&gt; Ementa de 29 de setembro a 10 de outubro (<a style=\"background-color: #ffffff; transition-property: all;\" href=\"https:\/\/drive.google.com\/file\/d\/1MqlSiG5PDzViSXeegOQDh5wASwM-xUSC\/view?usp=sharing\" target=\"_blank\" rel=\"noopener\"><span style=\"color: #0000ff;\"><span style=\"font-weight: bold;\">A<\/span><\/span><span style=\"color: #0000ff;\"><span style=\"font-weight: bold;\">qu<\/span><\/span><span style=\"color: #0000ff;\"><span style=\"font-weight: bold;\">i<\/span><\/span><\/a>)<\/p><p>&gt; Ementa de 12 de setembro a 26 de setembro (<a style=\"background-color: #ffffff; transition-property: all;\" href=\"https:\/\/drive.google.com\/file\/d\/1s_6Y4towzlwpJZrF-Aiphzz3ST3D3fYP\/view?usp=sharing\" target=\"_blank\" rel=\"noopener\"><span style=\"color: #0000ff;\"><span style=\"font-weight: bold;\">A<\/span><\/span><span style=\"color: #0000ff;\"><span style=\"font-weight: bold;\">qu<\/span><\/span><span style=\"color: #0000ff;\"><span style=\"font-weight: bold;\">i<\/span><\/span><\/a>)<\/p>\t\t\t\t\t\t\t\t<\/div>\n\t\t\t\t<\/div>\n\t\t\t\t\t<\/div>\n\t\t\t\t<\/div>\n\t\t\t\t<\/div>\n\t\t","protected":false},"excerpt":{"rendered":"<p>Ementa do Agrupamento &gt; Ementa de 4 de maio a 22 de maio (Aqui) &gt; Ementa de 13 de abril a 30 de abril (Aqui) &gt; Ementa de 23 de mar\u00e7o a 27 de mar\u00e7o (Aqui) &gt; Ementa de 9 de mar\u00e7o a 20 de mar\u00e7o (Aqui) &gt; Ementa de 19 de fevereiro a 6 [&hellip;]<\/p>\n","protected":false},"author":7,"featured_media":0,"parent":0,"menu_order":0,"comment_status":"closed","ping_status":"closed","template":"elementor_theme","meta":{"_eb_attr":"","site-sidebar-layout":"no-sidebar","site-content-layout":"page-builder","ast-site-content-layout":"default","site-content-style":"default","site-sidebar-style":"default","ast-global-header-display":"","ast-banner-title-visibility":"","ast-main-header-display":"","ast-hfb-above-header-display":"","ast-hfb-below-header-display":"","ast-hfb-mobile-header-display":"","site-post-title":"disabled","ast-breadcrumbs-content":"","ast-featured-img":"disabled","footer-sml-layout":"","theme-transparent-header-meta":"","adv-header-id-meta":"","stick-header-meta":"","header-above-stick-meta":"","header-main-stick-meta":"","header-below-stick-meta":"","astra-migrate-meta-layouts":"default","ast-page-background-enabled":"default","ast-page-background-meta":{"desktop":{"background-color":"","background-image":"","background-repeat":"repeat","background-position":"center center","background-size":"auto","background-attachment":"scroll","background-type":"","background-media":"","overlay-type":"","overlay-color":"","overlay-opacity":"","overlay-gradient":""},"tablet":{"background-color":"","background-image":"","background-repeat":"repeat","background-position":"center center","background-size":"auto","background-attachment":"scroll","background-type":"","background-media":"","overlay-type":"","overlay-color":"","overlay-opacity":"","overlay-gradient":""},"mobile":{"background-color":"","background-image":"","background-repeat":"repeat","background-position":"center center","background-size":"auto","background-attachment":"scroll","background-type":"","background-media":"","overlay-type":"","overlay-color":"","overlay-opacity":"","overlay-gradient":""}},"ast-content-background-meta":{"desktop":{"background-color":"var(--ast-global-color-5)","background-image":"","background-repeat":"repeat","background-position":"center center","background-size":"auto","background-attachment":"scroll","background-type":"","background-media":"","overlay-type":"","overlay-color":"","overlay-opacity":"","overlay-gradient":""},"tablet":{"background-color":"var(--ast-global-color-5)","background-image":"","background-repeat":"repeat","background-position":"center center","background-size":"auto","background-attachment":"scroll","background-type":"","background-media":"","overlay-type":"","overlay-color":"","overlay-opacity":"","overlay-gradient":""},"mobile":{"background-color":"var(--ast-global-color-5)","background-image":"","background-repeat":"repeat","background-position":"center center","background-size":"auto","background-attachment":"scroll","background-type":"","background-media":"","overlay-type":"","overlay-color":"","overlay-opacity":"","overlay-gradient":""}},"footnotes":""},"class_list":["post-8738","page","type-page","status-publish","hentry"],"_links":{"self":[{"href":"https:\/\/www.aeabadebacal.pt\/index.php\/wp-json\/wp\/v2\/pages\/8738","targetHints":{"allow":["GET"]}}],"collection":[{"href":"https:\/\/www.aeabadebacal.pt\/index.php\/wp-json\/wp\/v2\/pages"}],"about":[{"href":"https:\/\/www.aeabadebacal.pt\/index.php\/wp-json\/wp\/v2\/types\/page"}],"author":[{"embeddable":true,"href":"https:\/\/www.aeabadebacal.pt\/index.php\/wp-json\/wp\/v2\/users\/7"}],"replies":[{"embeddable":true,"href":"https:\/\/www.aeabadebacal.pt\/index.php\/wp-json\/wp\/v2\/comments?post=8738"}],"version-history":[{"count":60,"href":"https:\/\/www.aeabadebacal.pt\/index.php\/wp-json\/wp\/v2\/pages\/8738\/revisions"}],"predecessor-version":[{"id":12787,"href":"https:\/\/www.aeabadebacal.pt\/index.php\/wp-json\/wp\/v2\/pages\/8738\/revisions\/12787"}],"wp:attachment":[{"href":"https:\/\/www.aeabadebacal.pt\/index.php\/wp-json\/wp\/v2\/media?parent=8738"}],"curies":[{"name":"wp","href":"https:\/\/api.w.org\/{rel}","templated":true}]}}