{"id":9469,"date":"2024-12-30T16:41:13","date_gmt":"2024-12-30T16:41:13","guid":{"rendered":"http:\/\/www.aeabadebacal.pt\/?page_id=9469"},"modified":"2026-02-10T18:35:56","modified_gmt":"2026-02-10T18:35:56","slug":"servicos-de-psicologia-e-orientacao","status":"publish","type":"page","link":"https:\/\/www.aeabadebacal.pt\/index.php\/servicos-de-psicologia-e-orientacao\/","title":{"rendered":"SPO"},"content":{"rendered":"\t\t<div data-elementor-type=\"wp-page\" data-elementor-id=\"9469\" class=\"elementor elementor-9469\" data-elementor-settings=\"{&quot;ha_cmc_init_switcher&quot;:&quot;no&quot;}\">\n\t\t\t\t<div class=\"elementor-element elementor-element-a4efe16 e-flex e-con-boxed e-con e-parent\" data-id=\"a4efe16\" data-element_type=\"container\" data-settings=\"{&quot;background_background&quot;:&quot;slideshow&quot;,&quot;background_slideshow_gallery&quot;:[{&quot;id&quot;:9098,&quot;url&quot;:&quot;http:\\\/\\\/www.aeabadebacal.pt\\\/wp-content\\\/uploads\\\/2024\\\/11\\\/spo.jpg&quot;}],&quot;background_slideshow_loop&quot;:&quot;yes&quot;,&quot;background_slideshow_slide_duration&quot;:5000,&quot;background_slideshow_slide_transition&quot;:&quot;fade&quot;,&quot;background_slideshow_transition_duration&quot;:500,&quot;_ha_eqh_enable&quot;:false}\">\n\t\t\t\t\t<div class=\"e-con-inner\">\n\t\t\t\t<div class=\"elementor-element elementor-element-3b92c18 elementor-widget elementor-widget-heading\" data-id=\"3b92c18\" data-element_type=\"widget\" data-widget_type=\"heading.default\">\n\t\t\t\t<div class=\"elementor-widget-container\">\n\t\t\t\t\t<h2 class=\"elementor-heading-title elementor-size-default\"><b>Servi\u00e7o de Psicologia e Orienta\u00e7\u00e3o (SPO)<\/b><\/h2>\t\t\t\t<\/div>\n\t\t\t\t<\/div>\n\t\t\t\t\t<\/div>\n\t\t\t\t<\/div>\n\t\t<div class=\"elementor-element elementor-element-6767a42 e-flex e-con-boxed e-con e-parent\" data-id=\"6767a42\" data-element_type=\"container\" data-settings=\"{&quot;_ha_eqh_enable&quot;:false}\">\n\t\t\t\t\t<div class=\"e-con-inner\">\n\t\t\t\t<div class=\"elementor-element elementor-element-8f77ee8 elementor-widget elementor-widget-text-editor\" data-id=\"8f77ee8\" data-element_type=\"widget\" data-widget_type=\"text-editor.default\">\n\t\t\t\t<div class=\"elementor-widget-container\">\n\t\t\t\t\t\t\t\t\t<p>O Servi\u00e7o de Psicologia e Orienta\u00e7\u00e3o (SPO) constitui uma unidade especializada de apoio. Sediado no Agrupamento, desenvolve a sua a\u00e7\u00e3o ao longo do processo educativo, desde a Educa\u00e7\u00e3o Pr\u00e9-Escolar at\u00e9 ao Ensino Secund\u00e1rio. Procura contribuir para o desenvolvimento integral de crian\u00e7as e alunos, nos dom\u00ednios social e emocional, lingu\u00edstico e da comunica\u00e7\u00e3o, cognitivo, vocacional, comportamental, e globalmente, para o bem-estar e sa\u00fade psicol\u00f3gica.<br \/><br \/>Tendo subjacente um Plano de Atividades elaborado anualmente, a interven\u00e7\u00e3o psicol\u00f3gica desenvolve-se numa base colaborativa com outros servi\u00e7os e profissionais, de modo intencional e organizado. O servi\u00e7o desenvolve a sua a\u00e7\u00e3o em tr\u00eas grandes \u00e1reas: o apoio ao sistema de rela\u00e7\u00f5es da comunidade educativa; o apoio ao desenvolvimento vocacional e de carreira; e o apoio e aconselhamento psicol\u00f3gico. As a\u00e7\u00f5es implementadas s\u00e3o complementares, podendo ocorrer em diferentes n\u00edveis de interven\u00e7\u00e3o, priorizando-se interven\u00e7\u00f5es de car\u00e1ter preventivo e promocional, tal como indicado nos documentos que a n\u00edvel nacional, e localmente, orientam os servi\u00e7os a prestar.<br \/><br \/>Documentos de Refer\u00eancia para a Interven\u00e7\u00e3o dos Psic\u00f3logos em Contexto Escolar:<br \/><a href=\"https:\/\/www.dge.mec.pt\/noticias\/referencial-para-intervencao-dos-psicologos-em-contexto-escolar\" target=\"_blank\" rel=\"noopener\"><strong>Referencial para a Interven\u00e7\u00e3o dos Psic\u00f3logos em Contexto Escolar<\/strong><\/a><br \/><a href=\"https:\/\/recursos.ordemdospsicologos.pt\/repositorio\/estudo\/perfil-das-dos-psicologas-os-da-educacao\" target=\"_blank\" rel=\"noopener\"><strong>Perfil do Psic\u00f3logo da Educa\u00e7\u00e3o<\/strong><\/a><br \/><a href=\"https:\/\/www.ordemdospsicologos.pt\/pt\/cod_deontologico\" target=\"_blank\" rel=\"noopener\"><strong>C\u00f3digo Deontol\u00f3gico da Ordem dos Psic\u00f3logos Portugueses<\/strong><\/a><br \/><a href=\"https:\/\/agrcanelas.edu.pt\/blogs\/spo\/files\/2024\/02\/Atos-dos-Psicologos.pdf\" target=\"_blank\" rel=\"noopener\"><strong>Atos dos Psic\u00f3logos<\/strong><\/a><br \/><a href=\"https:\/\/diariodarepublica.pt\/dr\/detalhe\/decreto-lei\/190-1991-639489\" target=\"_blank\" rel=\"noopener\"><strong>Servi\u00e7os de Psicologia e Orienta\u00e7\u00e3o no \u00e2mbito do Minist\u00e9rio da Educa\u00e7\u00e3o \u2013 1991<\/strong><\/a><br \/><br \/>(Fontes: (DGE) Dire\u00e7\u00e3o Geral de Educa\u00e7\u00e3o e (OPP) Ordem dos Psic\u00f3logos Portugueses)<\/p><p><strong>\u00a0<\/strong><\/p><p><strong>Apoio Psicopedag\u00f3gico<\/strong><\/p><p>O servi\u00e7o desenvolve atividades nos dom\u00ednios acad\u00e9mico, socioemocional e comportamental, que visam o desenvolvimento harmonioso das crian\u00e7as e jovens que frequentam as escolas deste agrupamento.<br \/>Estas atividades envolvem interven\u00e7\u00e3o psicol\u00f3gica e psicopedag\u00f3gica junto dos alunos, dos pais e encarregados de educa\u00e7\u00e3o, dos docentes e de outros elementos da comunidade, atrav\u00e9s de pr\u00e1ticas de consulta psicol\u00f3gica, consultoria, colabora\u00e7\u00e3o, forma\u00e7\u00e3o e investiga\u00e7\u00e3o-a\u00e7\u00e3o.<br \/>O apoio psicopedag\u00f3gico assume um car\u00e1ter sobretudo preventivo, podendo incluir interven\u00e7\u00f5es de car\u00e1ter individual, de grupo ou a\u00e7\u00f5es dirigidas a toda a organiza\u00e7\u00e3o escolar.<\/p><p>\u00a0<\/p><p><strong>Apoio \u00e0s redes de rela\u00e7\u00f5es<\/strong><\/p><p>O servi\u00e7o promove a\u00e7\u00f5es alargadas que pretendem mobilizar os diferentes agentes educativos, entidades e servi\u00e7os da comunidade para o desenvolvimento das respostas educativas a prestar na Escola.<br \/>Atrav\u00e9s de esfor\u00e7os conjuntos, complementares e continuados dos diferentes agentes, procuram-se criar respostas adequadas \u00e0s necessidades dos alunos, bem como promover ambientes de aprendizagem mais positivos, seguros e saud\u00e1veis.<\/p><p>\u00a0<\/p><p><strong>Apoio ao desenvolvimento vocacional<\/strong><\/p><p>O servi\u00e7o promove um conjunto de a\u00e7\u00f5es de capacita\u00e7\u00e3o dos jovens no sentido de identificarem o seu potencial e de mobilizarem os recursos pessoais e da comunidade nas tomadas de decis\u00e3o, a n\u00edvel educativo e formativo, e na gest\u00e3o da trajet\u00f3ria pessoal.<br \/>Estas atividades s\u00e3o desenvolvidas junto dos alunos, em articula\u00e7\u00e3o com os pais e encarregados de educa\u00e7\u00e3o, os docentes e outros elementos da comunidade.<\/p><p>Ficha de encaminhamento (<a href=\"https:\/\/drive.google.com\/file\/d\/1TXtGGxMsaaCDkFjm3Pyqz0hsj6ha1GHi\/view?usp=sharing\" target=\"_blank\" rel=\"noopener\">Abrir<\/a>)<\/p><p><strong>\u00a0<\/strong><\/p><p>Hor\u00e1rio: Todos os dias, de segunda a sexta-feira.<br \/>Local: Escolas do Agrupamento<\/p><p><br \/>Contacto:<\/p><p>Email:\u00a0 <a href=\"mailto:catarina.maria@aeabadebacal.pt\">catarina.maria@aeabadebacal.pt<\/a><\/p><p><a href=\"mailto:ivete.martins@aeabadebacal.pt\">ivete.martins@aeabadebacal.pt<\/a><\/p><p><a href=\"mailto:sara.freitas@aeabadebacal.pt\">sara.freitas@aeabadebacal.pt<\/a><\/p><p>\u00a0<\/p><p>Telefone:\u00a0<strong>273 322163<\/strong><\/p>\t\t\t\t\t\t\t\t<\/div>\n\t\t\t\t<\/div>\n\t\t\t\t\t<\/div>\n\t\t\t\t<\/div>\n\t\t\t\t<\/div>\n\t\t","protected":false},"excerpt":{"rendered":"<p>Servi\u00e7o de Psicologia e Orienta\u00e7\u00e3o (SPO) O Servi\u00e7o de Psicologia e Orienta\u00e7\u00e3o (SPO) constitui uma unidade especializada de apoio. Sediado no Agrupamento, desenvolve a sua a\u00e7\u00e3o ao longo do processo educativo, desde a Educa\u00e7\u00e3o Pr\u00e9-Escolar at\u00e9 ao Ensino Secund\u00e1rio. Procura contribuir para o desenvolvimento integral de crian\u00e7as e alunos, nos dom\u00ednios social e emocional, lingu\u00edstico [&hellip;]<\/p>\n","protected":false},"author":7,"featured_media":0,"parent":0,"menu_order":0,"comment_status":"closed","ping_status":"closed","template":"","meta":{"_eb_attr":"","site-sidebar-layout":"no-sidebar","site-content-layout":"page-builder","ast-site-content-layout":"full-width-container","site-content-style":"unboxed","site-sidebar-style":"unboxed","ast-global-header-display":"","ast-banner-title-visibility":"","ast-main-header-display":"","ast-hfb-above-header-display":"","ast-hfb-below-header-display":"","ast-hfb-mobile-header-display":"","site-post-title":"disabled","ast-breadcrumbs-content":"","ast-featured-img":"disabled","footer-sml-layout":"","theme-transparent-header-meta":"","adv-header-id-meta":"","stick-header-meta":"","header-above-stick-meta":"","header-main-stick-meta":"","header-below-stick-meta":"","astra-migrate-meta-layouts":"set","ast-page-background-enabled":"default","ast-page-background-meta":{"desktop":{"background-color":"","background-image":"","background-repeat":"repeat","background-position":"center center","background-size":"auto","background-attachment":"scroll","background-type":"","background-media":"","overlay-type":"","overlay-color":"","overlay-opacity":"","overlay-gradient":""},"tablet":{"background-color":"","background-image":"","background-repeat":"repeat","background-position":"center center","background-size":"auto","background-attachment":"scroll","background-type":"","background-media":"","overlay-type":"","overlay-color":"","overlay-opacity":"","overlay-gradient":""},"mobile":{"background-color":"","background-image":"","background-repeat":"repeat","background-position":"center center","background-size":"auto","background-attachment":"scroll","background-type":"","background-media":"","overlay-type":"","overlay-color":"","overlay-opacity":"","overlay-gradient":""}},"ast-content-background-meta":{"desktop":{"background-color":"var(--ast-global-color-5)","background-image":"","background-repeat":"repeat","background-position":"center center","background-size":"auto","background-attachment":"scroll","background-type":"","background-media":"","overlay-type":"","overlay-color":"","overlay-opacity":"","overlay-gradient":""},"tablet":{"background-color":"var(--ast-global-color-5)","background-image":"","background-repeat":"repeat","background-position":"center center","background-size":"auto","background-attachment":"scroll","background-type":"","background-media":"","overlay-type":"","overlay-color":"","overlay-opacity":"","overlay-gradient":""},"mobile":{"background-color":"var(--ast-global-color-5)","background-image":"","background-repeat":"repeat","background-position":"center center","background-size":"auto","background-attachment":"scroll","background-type":"","background-media":"","overlay-type":"","overlay-color":"","overlay-opacity":"","overlay-gradient":""}},"footnotes":""},"class_list":["post-9469","page","type-page","status-publish","hentry"],"_links":{"self":[{"href":"https:\/\/www.aeabadebacal.pt\/index.php\/wp-json\/wp\/v2\/pages\/9469","targetHints":{"allow":["GET"]}}],"collection":[{"href":"https:\/\/www.aeabadebacal.pt\/index.php\/wp-json\/wp\/v2\/pages"}],"about":[{"href":"https:\/\/www.aeabadebacal.pt\/index.php\/wp-json\/wp\/v2\/types\/page"}],"author":[{"embeddable":true,"href":"https:\/\/www.aeabadebacal.pt\/index.php\/wp-json\/wp\/v2\/users\/7"}],"replies":[{"embeddable":true,"href":"https:\/\/www.aeabadebacal.pt\/index.php\/wp-json\/wp\/v2\/comments?post=9469"}],"version-history":[{"count":8,"href":"https:\/\/www.aeabadebacal.pt\/index.php\/wp-json\/wp\/v2\/pages\/9469\/revisions"}],"predecessor-version":[{"id":11896,"href":"https:\/\/www.aeabadebacal.pt\/index.php\/wp-json\/wp\/v2\/pages\/9469\/revisions\/11896"}],"wp:attachment":[{"href":"https:\/\/www.aeabadebacal.pt\/index.php\/wp-json\/wp\/v2\/media?parent=9469"}],"curies":[{"name":"wp","href":"https:\/\/api.w.org\/{rel}","templated":true}]}}