{"id":9475,"date":"2024-12-30T16:45:01","date_gmt":"2024-12-30T16:45:01","guid":{"rendered":"http:\/\/www.aeabadebacal.pt\/?page_id=9475"},"modified":"2024-12-30T16:47:51","modified_gmt":"2024-12-30T16:47:51","slug":"gabinete-de-apoio-ao-aluno","status":"publish","type":"page","link":"https:\/\/www.aeabadebacal.pt\/index.php\/gabinete-de-apoio-ao-aluno\/","title":{"rendered":"Gabinete de Apoio ao Aluno"},"content":{"rendered":"\t\t<div data-elementor-type=\"wp-page\" data-elementor-id=\"9475\" class=\"elementor elementor-9475\" data-elementor-settings=\"{&quot;ha_cmc_init_switcher&quot;:&quot;no&quot;}\">\n\t\t\t\t<div class=\"elementor-element elementor-element-44602c0 e-flex e-con-boxed e-con e-parent\" data-id=\"44602c0\" data-element_type=\"container\" data-settings=\"{&quot;background_background&quot;:&quot;slideshow&quot;,&quot;background_slideshow_gallery&quot;:[{&quot;id&quot;:9480,&quot;url&quot;:&quot;http:\\\/\\\/www.aeabadebacal.pt\\\/wp-content\\\/uploads\\\/2024\\\/12\\\/gaa.jpg&quot;}],&quot;background_slideshow_loop&quot;:&quot;yes&quot;,&quot;background_slideshow_slide_duration&quot;:5000,&quot;background_slideshow_slide_transition&quot;:&quot;fade&quot;,&quot;background_slideshow_transition_duration&quot;:500,&quot;_ha_eqh_enable&quot;:false}\">\n\t\t\t\t\t<div class=\"e-con-inner\">\n\t\t\t\t<div class=\"elementor-element elementor-element-6551f05 elementor-widget elementor-widget-heading\" data-id=\"6551f05\" data-element_type=\"widget\" data-widget_type=\"heading.default\">\n\t\t\t\t<div class=\"elementor-widget-container\">\n\t\t\t\t\t<h2 class=\"elementor-heading-title elementor-size-default\"><b>Gabinete de apoio ao  aluno<\/b><\/h2>\t\t\t\t<\/div>\n\t\t\t\t<\/div>\n\t\t\t\t\t<\/div>\n\t\t\t\t<\/div>\n\t\t<div class=\"elementor-element elementor-element-3dce45b e-flex e-con-boxed e-con e-parent\" data-id=\"3dce45b\" data-element_type=\"container\" data-settings=\"{&quot;_ha_eqh_enable&quot;:false}\">\n\t\t\t\t\t<div class=\"e-con-inner\">\n\t\t\t\t<div class=\"elementor-element elementor-element-3f8ee02 elementor-widget elementor-widget-text-editor\" data-id=\"3f8ee02\" data-element_type=\"widget\" data-widget_type=\"text-editor.default\">\n\t\t\t\t<div class=\"elementor-widget-container\">\n\t\t\t\t\t\t\t\t\t<p>O GAA, com as atuais val\u00eancias, tem como principal objetivo contribuir para o desenvolvimento harmonioso dos adolescentes e jovens nas suas diferentes dimens\u00f5es: individual, familiar, escolar e social. As suas fun\u00e7\u00f5es v\u00e3o desde os cuidados de sa\u00fade prim\u00e1rios at\u00e9 \u00e0 cria\u00e7\u00e3o de um espa\u00e7o de partilha e reflex\u00e3o sobre m\u00faltiplos aspetos relacionados com alimenta\u00e7\u00e3o, sexualidade, viol\u00eancia escolar, entre outros e que constituem o dia-a-dia das escolas.<\/p><p>O GAA &#8211; Gabinete de apoio ao aluno foi criado a pensar em ti, nas tuas inquieta\u00e7\u00f5es, nos teus sonhos, nas tuas d\u00favidas.<\/p><p>Tens d\u00favidas? Necessitas de informa\u00e7\u00e3o? Ent\u00e3o dirige-te ao GAA. H\u00e1 sempre algu\u00e9m \u00e0 tua espera.<\/p><p><span style=\"font-size: 14.0pt; font-family: 'Arial',sans-serif; color: #333333;\"><img decoding=\"async\" class=\"alignnone size-full wp-image-2237\" src=\"http:\/\/www.aeabadebacal.pt\/wp-content\/uploads\/2022\/04\/icons8-tempo-de-entrega-60.png\" alt=\"\" width=\"60\" height=\"60\" \/> <\/span>Hor\u00e1rio de Atendimento:<\/p>\t\t\t\t\t\t\t\t<\/div>\n\t\t\t\t<\/div>\n\t\t\t\t\t<\/div>\n\t\t\t\t<\/div>\n\t\t\t\t<\/div>\n\t\t","protected":false},"excerpt":{"rendered":"<p>Gabinete de apoio ao aluno O GAA, com as atuais val\u00eancias, tem como principal objetivo contribuir para o desenvolvimento harmonioso dos adolescentes e jovens nas suas diferentes dimens\u00f5es: individual, familiar, escolar e social. As suas fun\u00e7\u00f5es v\u00e3o desde os cuidados de sa\u00fade prim\u00e1rios at\u00e9 \u00e0 cria\u00e7\u00e3o de um espa\u00e7o de partilha e reflex\u00e3o sobre m\u00faltiplos [&hellip;]<\/p>\n","protected":false},"author":7,"featured_media":0,"parent":0,"menu_order":0,"comment_status":"closed","ping_status":"closed","template":"","meta":{"_eb_attr":"","site-sidebar-layout":"no-sidebar","site-content-layout":"page-builder","ast-site-content-layout":"default","site-content-style":"default","site-sidebar-style":"default","ast-global-header-display":"","ast-banner-title-visibility":"","ast-main-header-display":"","ast-hfb-above-header-display":"","ast-hfb-below-header-display":"","ast-hfb-mobile-header-display":"","site-post-title":"disabled","ast-breadcrumbs-content":"","ast-featured-img":"disabled","footer-sml-layout":"","theme-transparent-header-meta":"","adv-header-id-meta":"","stick-header-meta":"","header-above-stick-meta":"","header-main-stick-meta":"","header-below-stick-meta":"","astra-migrate-meta-layouts":"default","ast-page-background-enabled":"default","ast-page-background-meta":{"desktop":{"background-color":"","background-image":"","background-repeat":"repeat","background-position":"center center","background-size":"auto","background-attachment":"scroll","background-type":"","background-media":"","overlay-type":"","overlay-color":"","overlay-opacity":"","overlay-gradient":""},"tablet":{"background-color":"","background-image":"","background-repeat":"repeat","background-position":"center center","background-size":"auto","background-attachment":"scroll","background-type":"","background-media":"","overlay-type":"","overlay-color":"","overlay-opacity":"","overlay-gradient":""},"mobile":{"background-color":"","background-image":"","background-repeat":"repeat","background-position":"center center","background-size":"auto","background-attachment":"scroll","background-type":"","background-media":"","overlay-type":"","overlay-color":"","overlay-opacity":"","overlay-gradient":""}},"ast-content-background-meta":{"desktop":{"background-color":"var(--ast-global-color-5)","background-image":"","background-repeat":"repeat","background-position":"center center","background-size":"auto","background-attachment":"scroll","background-type":"","background-media":"","overlay-type":"","overlay-color":"","overlay-opacity":"","overlay-gradient":""},"tablet":{"background-color":"var(--ast-global-color-5)","background-image":"","background-repeat":"repeat","background-position":"center center","background-size":"auto","background-attachment":"scroll","background-type":"","background-media":"","overlay-type":"","overlay-color":"","overlay-opacity":"","overlay-gradient":""},"mobile":{"background-color":"var(--ast-global-color-5)","background-image":"","background-repeat":"repeat","background-position":"center center","background-size":"auto","background-attachment":"scroll","background-type":"","background-media":"","overlay-type":"","overlay-color":"","overlay-opacity":"","overlay-gradient":""}},"footnotes":""},"class_list":["post-9475","page","type-page","status-publish","hentry"],"_links":{"self":[{"href":"https:\/\/www.aeabadebacal.pt\/index.php\/wp-json\/wp\/v2\/pages\/9475","targetHints":{"allow":["GET"]}}],"collection":[{"href":"https:\/\/www.aeabadebacal.pt\/index.php\/wp-json\/wp\/v2\/pages"}],"about":[{"href":"https:\/\/www.aeabadebacal.pt\/index.php\/wp-json\/wp\/v2\/types\/page"}],"author":[{"embeddable":true,"href":"https:\/\/www.aeabadebacal.pt\/index.php\/wp-json\/wp\/v2\/users\/7"}],"replies":[{"embeddable":true,"href":"https:\/\/www.aeabadebacal.pt\/index.php\/wp-json\/wp\/v2\/comments?post=9475"}],"version-history":[{"count":0,"href":"https:\/\/www.aeabadebacal.pt\/index.php\/wp-json\/wp\/v2\/pages\/9475\/revisions"}],"wp:attachment":[{"href":"https:\/\/www.aeabadebacal.pt\/index.php\/wp-json\/wp\/v2\/media?parent=9475"}],"curies":[{"name":"wp","href":"https:\/\/api.w.org\/{rel}","templated":true}]}}